Last updated on 2023-06-06 17:00:57 CEST.
Flavor | Version | Tinstall | Tcheck | Ttotal | Status | Flags |
---|---|---|---|---|---|---|
r-devel-linux-x86_64-debian-clang | 1.0-13 | 222.63 | 405.06 | 627.69 | OK | |
r-devel-linux-x86_64-debian-gcc | 1.0-13 | 186.76 | 301.50 | 488.26 | OK | |
r-devel-linux-x86_64-fedora-clang | 1.0-13 | 876.95 | NOTE | |||
r-devel-linux-x86_64-fedora-gcc | 1.0-13 | 850.69 | OK | |||
r-devel-windows-x86_64 | 1.0-13 | 196.00 | 784.00 | 980.00 | NOTE | |
r-patched-linux-x86_64 | 1.0-13 | 191.24 | 387.21 | 578.45 | OK | |
r-release-linux-x86_64 | 1.0-13 | 198.14 | 385.28 | 583.42 | OK | |
r-release-macos-arm64 | 1.0-13 | 261.00 | NOTE | |||
r-release-macos-x86_64 | 1.0-12 | 236.00 | NOTE | |||
r-release-windows-x86_64 | 1.0-13 | 245.00 | 1048.00 | 1293.00 | NOTE | |
r-oldrel-macos-arm64 | 1.0-13 | 264.00 | NOTE | |||
r-oldrel-macos-x86_64 | 1.0-13 | 309.00 | NOTE | |||
r-oldrel-windows-x86_64 | 1.0-13 | 264.00 | 887.00 | 1151.00 | NOTE |
Version: 1.0-13
Check: installed package size
Result: NOTE
installed size is 7.6Mb
sub-directories of 1Mb or more:
doc 1.7Mb
libs 1.1Mb
sqlite 1.5Mb
Flavors: r-devel-linux-x86_64-fedora-clang, r-devel-windows-x86_64, r-release-macos-arm64, r-release-windows-x86_64, r-oldrel-macos-arm64, r-oldrel-macos-x86_64, r-oldrel-windows-x86_64
Version: 1.0-12
Check: installed package size
Result: NOTE
installed size is 268.1Mb
sub-directories of 1Mb or more:
doc 1.7Mb
libs 261.8Mb
sqlite 1.5Mb
Flavor: r-release-macos-x86_64