CRAN Package Check Results for Package serrsBayes

Last updated on 2019-04-20 15:52:22 CEST.

Flavor Version Tinstall Tcheck Ttotal Status Flags
r-devel-linux-x86_64-debian-clang 0.3-13 71.36 81.64 153.00 OK
r-devel-linux-x86_64-debian-gcc 0.3-13 60.50 73.29 133.79 OK
r-devel-linux-x86_64-fedora-clang 0.3-13 204.38 NOTE
r-devel-linux-x86_64-fedora-gcc 0.3-13 190.38 OK
r-devel-windows-ix86+x86_64 0.3-13 154.00 161.00 315.00 WARN
r-patched-linux-x86_64 0.3-13 71.40 81.01 152.41 OK
r-patched-solaris-x86 0.3-13 226.40 OK
r-release-linux-x86_64 0.3-13 65.11 78.81 143.92 OK
r-release-windows-ix86+x86_64 0.3-13 116.00 175.00 291.00 WARN
r-release-osx-x86_64 0.3-13 NOTE
r-oldrel-windows-ix86+x86_64 0.3-13 141.00 154.00 295.00 WARN
r-oldrel-osx-x86_64 0.3-13 NOTE

Check Details

Version: 0.3-13
Check: installed package size
Result: NOTE
     installed size is 16.6Mb
     sub-directories of 1Mb or more:
     libs 15.8Mb
Flavors: r-devel-linux-x86_64-fedora-clang, r-release-osx-x86_64, r-oldrel-osx-x86_64

Version: 0.3-13
Check: re-building of vignette outputs
Result: WARN
    Error(s) in re-building vignettes:
    --- re-building 'Introduction.Rmd' using rmarkdown
    trying URL 'https://pure.strath.ac.uk/portal/files/43595106/Figure_2.zip'
    Quitting from lines 38-41 (Introduction.Rmd)
    Error: processing vignette 'Introduction.Rmd' failed with diagnostics:
    cannot open URL 'https://pure.strath.ac.uk/portal/files/43595106/Figure_2.zip'
    --- failed re-building 'Introduction.Rmd'
    
    SUMMARY: processing the following file failed:
     'Introduction.Rmd'
    
    Error: Vignette re-building failed.
    Execution halted
Flavor: r-devel-windows-ix86+x86_64

Version: 0.3-13
Check: re-building of vignette outputs
Result: WARN
    Error in re-building vignettes:
     ...
    trying URL 'https://pure.strath.ac.uk/portal/files/43595106/Figure_2.zip'
    Quitting from lines 38-41 (Introduction.Rmd)
    Error: processing vignette 'Introduction.Rmd' failed with diagnostics:
    cannot open URL 'https://pure.strath.ac.uk/portal/files/43595106/Figure_2.zip'
    Execution halted
Flavors: r-release-windows-ix86+x86_64, r-oldrel-windows-ix86+x86_64