CRAN Package Check Results for Package serrsBayes

Last updated on 2019-06-16 13:46:46 CEST.

Flavor Version Tinstall Tcheck Ttotal Status Flags
r-devel-linux-x86_64-debian-clang 0.4-0 61.88 467.23 529.11 OK
r-devel-linux-x86_64-debian-gcc 0.4-0 60.70 368.93 429.63 OK
r-devel-linux-x86_64-fedora-clang 0.4-0 675.98 NOTE
r-devel-linux-x86_64-fedora-gcc 0.4-0 655.81 OK
r-devel-windows-ix86+x86_64 0.4-0 143.00 525.00 668.00 OK
r-patched-linux-x86_64 0.4-0 65.58 457.83 523.41 OK
r-patched-solaris-x86 0.4-0 1086.20 OK
r-release-linux-x86_64 0.4-0 67.21 464.03 531.24 OK
r-release-windows-ix86+x86_64 0.4-0 109.00 469.00 578.00 OK
r-release-osx-x86_64 0.4-0 NOTE
r-oldrel-windows-ix86+x86_64 0.4-0 95.00 449.00 544.00 OK
r-oldrel-osx-x86_64 0.4-0 NOTE

Check Details

Version: 0.4-0
Check: installed package size
Result: NOTE
     installed size is 15.8Mb
     sub-directories of 1Mb or more:
     libs 14.4Mb
Flavors: r-devel-linux-x86_64-fedora-clang, r-release-osx-x86_64, r-oldrel-osx-x86_64