Last updated on 2023-12-10 09:52:53 CET.
Flavor | Version | Tinstall | Tcheck | Ttotal | Status | Flags |
---|---|---|---|---|---|---|
r-devel-linux-x86_64-debian-clang | 0.2.5 | 70.69 | 1524.93 | 1595.62 | NOTE | |
r-devel-linux-x86_64-debian-gcc | 0.2.5 | 54.69 | 1713.67 | 1768.36 | NOTE | |
r-devel-linux-x86_64-fedora-clang | 0.2.5 | 1782.50 | NOTE | |||
r-devel-linux-x86_64-fedora-gcc | 0.2.5 | 2708.08 | NOTE | |||
r-devel-windows-x86_64 | 0.2.5 | 63.00 | 574.00 | 637.00 | NOTE | |
r-patched-linux-x86_64 | 0.2.5 | 67.27 | 2312.04 | 2379.31 | NOTE | |
r-release-linux-x86_64 | 0.2.5 | 57.67 | 2188.08 | 2245.75 | NOTE | |
r-release-macos-arm64 | 0.2.5 | 523.00 | NOTE | |||
r-release-macos-x86_64 | 0.2.5 | 932.00 | NOTE | |||
r-release-windows-x86_64 | 0.2.5 | 73.00 | 1146.00 | 1219.00 | NOTE | |
r-oldrel-macos-arm64 | 0.2.5 | 458.00 | NOTE | |||
r-oldrel-macos-x86_64 | 0.2.5 | 806.00 | NOTE | |||
r-oldrel-windows-x86_64 | 0.2.5 | 75.00 | 1072.00 | 1147.00 | NOTE |
Version: 0.2.5
Check: for GNU extensions in Makefiles
Result: NOTE
GNU make is a SystemRequirements.
Flavors: r-devel-linux-x86_64-debian-clang, r-devel-linux-x86_64-debian-gcc, r-devel-linux-x86_64-fedora-clang, r-devel-linux-x86_64-fedora-gcc, r-devel-windows-x86_64, r-patched-linux-x86_64, r-release-linux-x86_64, r-release-macos-arm64, r-release-macos-x86_64, r-release-windows-x86_64, r-oldrel-macos-arm64, r-oldrel-macos-x86_64, r-oldrel-windows-x86_64
Version: 0.2.5
Check: installed package size
Result: NOTE
installed size is 5.8Mb
sub-directories of 1Mb or more:
data 1.1Mb
libs 4.2Mb
Flavors: r-release-macos-arm64, r-release-macos-x86_64, r-oldrel-macos-arm64, r-oldrel-macos-x86_64