CRAN Package Check Results for Package seqinr

Last updated on 2024-06-21 16:56:09 CEST.

Flavor Version Tinstall Tcheck Ttotal Status Flags
r-devel-linux-x86_64-debian-clang 4.2-36 19.48 129.69 149.17 OK
r-devel-linux-x86_64-debian-gcc 4.2-36 13.47 97.01 110.48 OK
r-devel-linux-x86_64-fedora-clang 4.2-36 180.63 NOTE
r-devel-linux-x86_64-fedora-gcc 4.2-36 175.25 OK
r-devel-windows-x86_64 4.2-36 20.00 143.00 163.00 NOTE
r-patched-linux-x86_64 4.2-36 22.48 124.39 146.87 OK
r-release-linux-x86_64 4.2-36 14.47 127.25 141.72 OK
r-release-macos-arm64 4.2-36 58.00 NOTE
r-release-macos-x86_64 4.2-36 131.00 NOTE
r-release-windows-x86_64 4.2-36 19.00 145.00 164.00 NOTE
r-oldrel-macos-arm64 4.2-36 64.00 NOTE
r-oldrel-macos-x86_64 4.2-36 137.00 NOTE
r-oldrel-windows-x86_64 4.2-36 24.00 179.00 203.00 NOTE

Check Details

Version: 4.2-36
Check: installed package size
Result: NOTE installed size is 5.4Mb sub-directories of 1Mb or more: data 1.4Mb sequences 1.9Mb Flavors: r-devel-linux-x86_64-fedora-clang, r-devel-windows-x86_64, r-release-macos-arm64, r-release-macos-x86_64, r-release-windows-x86_64, r-oldrel-macos-arm64, r-oldrel-macos-x86_64, r-oldrel-windows-x86_64