CRAN Package Check Results for Package seqHMM

Last updated on 2021-11-29 19:51:44 CET.

Flavor Version Tinstall Tcheck Ttotal Status Flags
r-devel-linux-x86_64-debian-clang 1.2.0 445.35 673.33 1118.68 OK
r-devel-linux-x86_64-debian-gcc 1.2.0 319.46 340.07 659.53 OK
r-devel-linux-x86_64-fedora-clang 1.2.0 1421.22 NOTE
r-devel-linux-x86_64-fedora-gcc 1.2.0 1179.27 OK
r-devel-windows-x86_64-new-UL 1.2.0 538.00 630.00 1168.00 NOTE
r-devel-windows-x86_64-new-TK 1.2.0 OK
r-devel-windows-x86_64-old 1.2.0 561.00 362.00 923.00 NOTE
r-patched-linux-x86_64 1.2.0 393.48 452.54 846.02 OK
r-patched-solaris-x86 1.2.0 1138.80 NOTE
r-release-linux-x86_64 1.2.0 375.71 449.89 825.60 OK
r-release-macos-arm64 1.2.0 NOTE
r-release-macos-x86_64 1.2.0 NOTE
r-release-windows-ix86+x86_64 1.2.0 1085.00 420.00 1505.00 NOTE
r-oldrel-macos-x86_64 1.2.0 NOTE
r-oldrel-windows-ix86+x86_64 1.2.0 780.00 423.00 1203.00 NOTE

Check Details

Version: 1.2.0
Check: installed package size
Result: NOTE
     installed size is 19.6Mb
     sub-directories of 1Mb or more:
     doc 6.3Mb
     libs 12.4Mb
Flavors: r-devel-linux-x86_64-fedora-clang, r-devel-windows-x86_64-new-UL, r-devel-windows-x86_64-old, r-patched-solaris-x86, r-release-macos-arm64, r-release-macos-x86_64, r-release-windows-ix86+x86_64, r-oldrel-macos-x86_64, r-oldrel-windows-ix86+x86_64