CRAN Package Check Results for Package semverutils

Last updated on 2022-06-26 07:53:53 CEST.

Flavor Version Tinstall Tcheck Ttotal Status Flags
r-devel-linux-x86_64-debian-clang 0.1.0 2.16 22.93 25.09 NOTE
r-devel-linux-x86_64-debian-gcc 0.1.0 1.51 17.75 19.26 NOTE
r-devel-linux-x86_64-fedora-clang 0.1.0 42.41 NOTE
r-devel-linux-x86_64-fedora-gcc 0.1.0 40.85 NOTE
r-devel-windows-x86_64 0.1.0 14.00 48.00 62.00 NOTE
r-patched-linux-x86_64 0.1.0 3.01 22.34 25.35 NOTE
r-release-linux-x86_64 0.1.0 2.81 22.23 25.04 NOTE
r-release-macos-arm64 0.1.0 17.00 NOTE
r-release-macos-x86_64 0.1.0 22.00 NOTE
r-release-windows-x86_64 0.1.0 12.00 48.00 60.00 NOTE
r-oldrel-macos-arm64 0.1.0 21.00 NOTE
r-oldrel-macos-x86_64 0.1.0 29.00 NOTE
r-oldrel-windows-ix86+x86_64 0.1.0 6.00 42.00 48.00 NOTE

Check Details

Version: 0.1.0
Check: LazyData
Result: NOTE
     'LazyData' is specified without a 'data' directory
Flavors: r-devel-linux-x86_64-debian-clang, r-devel-linux-x86_64-debian-gcc, r-devel-linux-x86_64-fedora-clang, r-devel-linux-x86_64-fedora-gcc, r-devel-windows-x86_64, r-patched-linux-x86_64, r-release-linux-x86_64, r-release-macos-arm64, r-release-macos-x86_64, r-release-windows-x86_64, r-oldrel-macos-arm64, r-oldrel-macos-x86_64, r-oldrel-windows-ix86+x86_64

Version: 0.1.0
Check: dependencies in R code
Result: NOTE
    Namespace in Imports field not imported from: ‘R6’
     All declared Imports should be used.
Flavors: r-devel-linux-x86_64-fedora-clang, r-devel-linux-x86_64-fedora-gcc, r-release-macos-arm64, r-release-macos-x86_64, r-oldrel-macos-arm64, r-oldrel-macos-x86_64