Last updated on 2022-06-26 03:50:12 CEST.
Flavor | Version | Tinstall | Tcheck | Ttotal | Status | Flags |
---|---|---|---|---|---|---|
r-devel-linux-x86_64-debian-clang | 0.5-6 | 38.03 | 323.73 | 361.76 | OK | |
r-devel-linux-x86_64-debian-gcc | 0.5-6 | 26.54 | 233.05 | 259.59 | OK | |
r-devel-linux-x86_64-fedora-clang | 0.5-6 | 353.19 | OK | |||
r-devel-linux-x86_64-fedora-gcc | 0.5-6 | 369.25 | OK | |||
r-devel-windows-x86_64 | 0.5-6 | 156.00 | 361.00 | 517.00 | OK | |
r-patched-linux-x86_64 | 0.5-6 | 38.49 | 306.64 | 345.13 | NOTE | |
r-release-linux-x86_64 | 0.5-6 | 29.38 | 304.25 | 333.63 | NOTE | |
r-release-macos-arm64 | 0.5-6 | 105.00 | OK | |||
r-release-macos-x86_64 | 0.5-6 | 150.00 | OK | |||
r-release-windows-x86_64 | 0.5-6 | 149.00 | 367.00 | 516.00 | OK | |
r-oldrel-macos-arm64 | 0.5-6 | 101.00 | OK | |||
r-oldrel-macos-x86_64 | 0.5-6 | 136.00 | OK | |||
r-oldrel-windows-ix86+x86_64 | 0.5-6 | 65.00 | 346.00 | 411.00 | OK |
Version: 0.5-6
Check: package dependencies
Result: NOTE
Package suggested but not available for checking: ‘blavaan’
Flavors: r-patched-linux-x86_64, r-release-linux-x86_64