CRAN Package Check Results for Package segmag

Last updated on 2023-06-09 18:52:11 CEST.

Flavor Version Tinstall Tcheck Ttotal Status Flags
r-devel-linux-x86_64-debian-clang 1.2.4 30.32 31.18 61.50 OK
r-devel-linux-x86_64-debian-gcc 1.2.4 21.16 24.39 45.55 OK
r-devel-linux-x86_64-fedora-clang 1.2.4 84.88 NOTE
r-devel-linux-x86_64-fedora-gcc 1.2.4 77.76 NOTE
r-devel-windows-x86_64 1.2.4 22.00 64.00 86.00 OK
r-patched-linux-x86_64 1.2.4 23.81 30.53 54.34 OK
r-release-linux-x86_64 1.2.4 23.55 30.01 53.56 OK
r-release-macos-arm64 1.2.4 28.00 OK
r-release-macos-x86_64 1.2.4 38.00 OK
r-release-windows-x86_64 1.2.4 27.00 70.00 97.00 OK
r-oldrel-macos-arm64 1.2.4 23.00 OK
r-oldrel-macos-x86_64 1.2.4 35.00 OK
r-oldrel-windows-x86_64 1.2.4 26.00 72.00 98.00 OK

Check Details

Version: 1.2.4
Check: compiled code
Result: NOTE
    File ‘segmag/libs/segmag.so’:
     Found no calls to: ‘R_registerRoutines’, ‘R_useDynamicSymbols’
    
    It is good practice to register native routines and to disable symbol
    search.
    
    See ‘Writing portable packages’ in the ‘Writing R Extensions’ manual.
Flavors: r-devel-linux-x86_64-fedora-clang, r-devel-linux-x86_64-fedora-gcc