CRAN Package Check Results for Package seer

Last updated on 2020-10-31 18:47:33 CET.

Flavor Version Tinstall Tcheck Ttotal Status Flags
r-devel-linux-x86_64-debian-clang 1.1.5 9.30 103.36 112.66 OK
r-devel-linux-x86_64-debian-gcc 1.1.5 7.46 75.76 83.22 OK
r-devel-linux-x86_64-fedora-clang 1.1.5 140.92 NOTE
r-devel-linux-x86_64-fedora-gcc 1.1.5 134.14 NOTE
r-devel-windows-ix86+x86_64 1.1.5 22.00 129.00 151.00 OK
r-patched-linux-x86_64 1.1.5 8.61 96.93 105.54 OK
r-patched-solaris-x86 1.1.5 185.60 NOTE
r-release-linux-x86_64 1.1.5 7.72 98.07 105.79 OK
r-release-macos-x86_64 1.1.5 NOTE
r-release-windows-ix86+x86_64 1.1.5 16.00 136.00 152.00 OK
r-oldrel-macos-x86_64 1.1.5 NOTE
r-oldrel-windows-ix86+x86_64 1.1.5 12.00 89.00 101.00 OK

Check Details

Version: 1.1.5
Check: dependencies in R code
Result: NOTE
    Namespace in Imports field not imported from: ‘MASS’
     All declared Imports should be used.
Flavors: r-devel-linux-x86_64-fedora-clang, r-devel-linux-x86_64-fedora-gcc, r-patched-solaris-x86, r-release-macos-x86_64, r-oldrel-macos-x86_64