CRAN Package Check Results for Package seer

Last updated on 2022-06-26 20:51:49 CEST.

Flavor Version Tinstall Tcheck Ttotal Status Flags
r-devel-linux-x86_64-debian-clang 1.1.7 11.99 119.67 131.66 OK
r-devel-linux-x86_64-debian-gcc 1.1.7 8.79 87.60 96.39 OK
r-devel-linux-x86_64-fedora-clang 1.1.7 165.97 NOTE
r-devel-linux-x86_64-fedora-gcc 1.1.7 166.73 NOTE
r-devel-windows-x86_64 1.1.7 33.00 141.00 174.00 OK
r-patched-linux-x86_64 1.1.7 9.34 115.16 124.50 OK
r-release-linux-x86_64 1.1.7 7.46 115.16 122.62 OK
r-release-macos-arm64 1.1.7 42.00 NOTE
r-release-macos-x86_64 1.1.7 75.00 NOTE
r-release-windows-x86_64 1.1.7 28.00 139.00 167.00 OK
r-oldrel-macos-arm64 1.1.7 44.00 NOTE
r-oldrel-macos-x86_64 1.1.7 60.00 NOTE
r-oldrel-windows-ix86+x86_64 1.1.7 25.00 144.00 169.00 OK

Check Details

Version: 1.1.7
Check: dependencies in R code
Result: NOTE
    Namespace in Imports field not imported from: ‘MASS’
     All declared Imports should be used.
Flavors: r-devel-linux-x86_64-fedora-clang, r-devel-linux-x86_64-fedora-gcc, r-release-macos-arm64, r-release-macos-x86_64, r-oldrel-macos-arm64, r-oldrel-macos-x86_64