Last updated on 2023-03-30 15:53:53 CEST.
Flavor | Version | Tinstall | Tcheck | Ttotal | Status | Flags |
---|---|---|---|---|---|---|
r-devel-linux-x86_64-debian-clang | 1.1.0 | 9.15 | 87.15 | 96.30 | OK | |
r-devel-linux-x86_64-debian-gcc | 1.1.0 | 6.39 | 66.58 | 72.97 | OK | |
r-devel-linux-x86_64-fedora-clang | 1.1.0 | 130.83 | OK | |||
r-devel-linux-x86_64-fedora-gcc | 1.1.0 | 129.01 | OK | |||
r-patched-linux-x86_64 | 1.1.0 | 8.29 | 83.78 | 92.07 | OK | |
r-release-linux-x86_64 | 1.1.0 | 5.07 | 84.69 | 89.76 | OK | |
r-release-macos-arm64 | 1.1.0 | 40.00 | NOTE | |||
r-release-macos-x86_64 | 1.1.0 | 62.00 | NOTE | |||
r-release-windows-x86_64 | 1.1.0 | 123.00 | 119.00 | 242.00 | OK | |
r-oldrel-macos-arm64 | 1.1.0 | 9.00 | ERROR | |||
r-oldrel-macos-x86_64 | 1.1.0 | 77.00 | NOTE | |||
r-oldrel-windows-ix86+x86_64 | 1.1.0 | 17.00 | 103.00 | 120.00 | NOTE |
Version: 1.1.0
Check: package dependencies
Result: NOTE
Package suggested but not available for checking: ‘ArrayExpress’
Flavors: r-release-macos-arm64, r-release-macos-x86_64, r-oldrel-macos-x86_64
Version: 1.1.0
Check: Rd cross-references
Result: NOTE
Package unavailable to check Rd xrefs: ‘ArrayExpress’
Flavors: r-release-macos-arm64, r-release-macos-x86_64, r-oldrel-macos-x86_64
Version: 1.1.0
Check: package dependencies
Result: ERROR
Package required but not available: ‘tximport’
Package suggested but not available for checking: ‘ArrayExpress’
See section ‘The DESCRIPTION file’ in the ‘Writing R Extensions’
manual.
Flavor: r-oldrel-macos-arm64
Version: 1.1.0
Check: dependencies in R code
Result: NOTE
Initiating curl with CURL_SSL_BACKEND: openssl
Flavor: r-oldrel-windows-ix86+x86_64