CRAN Package Check Results for Package secure

Last updated on 2021-12-04 22:59:47 CET.

Flavor Version Tinstall Tcheck Ttotal Status Flags
r-devel-linux-x86_64-debian-clang 0.6 43.03 44.22 87.25 OK
r-devel-linux-x86_64-debian-gcc 0.6 31.78 34.65 66.43 OK
r-devel-linux-x86_64-fedora-clang 0.6 127.68 OK
r-devel-linux-x86_64-fedora-gcc 0.6 103.62 OK
r-devel-windows-x86_64-new-UL 0.6 56.00 97.00 153.00 OK
r-devel-windows-x86_64-new-TK 0.6 OK
r-devel-windows-x86_64-old 0.6 53.00 51.00 104.00 OK
r-patched-linux-x86_64 0.6 35.15 34.96 70.11 OK
r-release-linux-x86_64 0.6 35.63 35.15 70.78 OK
r-release-macos-arm64 0.6 NOTE
r-release-macos-x86_64 0.6 OK
r-release-windows-ix86+x86_64 0.6 103.00 88.00 191.00 OK
r-oldrel-macos-x86_64 0.6 OK
r-oldrel-windows-ix86+x86_64 0.6 100.00 97.00 197.00 OK

Check Details

Version: 0.6
Check: installed package size
Result: NOTE
     installed size is 5.6Mb
     sub-directories of 1Mb or more:
     libs 4.6Mb
Flavor: r-release-macos-arm64