Last updated on 2021-03-09 04:49:00 CET.
Flavor | Version | Tinstall | Tcheck | Ttotal | Status | Flags |
---|---|---|---|---|---|---|
r-devel-linux-x86_64-debian-clang | 0.3.2 | 6.81 | 37.95 | 44.76 | OK | |
r-devel-linux-x86_64-debian-gcc | 0.3.2 | 5.47 | 29.59 | 35.06 | OK | |
r-devel-linux-x86_64-fedora-clang | 0.3.2 | 61.79 | OK | |||
r-devel-linux-x86_64-fedora-gcc | 0.3.2 | 51.65 | OK | |||
r-devel-windows-ix86+x86_64 | 0.3.2 | 10.00 | 47.00 | 57.00 | OK | |
r-devel-windows-x86_64-gcc10-UCRT | 0.3.2 | OK | ||||
r-patched-linux-x86_64 | 0.3.2 | 5.22 | 36.67 | 41.89 | OK | |
r-patched-solaris-x86 | 0.3.2 | 74.00 | NOTE | |||
r-release-linux-x86_64 | 0.3.2 | 6.96 | 37.26 | 44.22 | OK | |
r-release-macos-x86_64 | 0.3.2 | OK | ||||
r-release-windows-ix86+x86_64 | 0.3.2 | 9.00 | 54.00 | 63.00 | OK | |
r-oldrel-macos-x86_64 | 0.3.2 | OK | ||||
r-oldrel-windows-ix86+x86_64 | 0.3.2 | 8.00 | 39.00 | 47.00 | OK |
Version: 0.3.2
Check: installed package size
Result: NOTE
installed size is 5.1Mb
sub-directories of 1Mb or more:
data 1.4Mb
extdata 1.0Mb
help 2.5Mb
Flavor: r-patched-solaris-x86