CRAN Package Check Results for Package seasonal

Last updated on 2019-08-19 22:47:16 CEST.

Flavor Version Tinstall Tcheck Ttotal Status Flags
r-devel-linux-x86_64-debian-clang 1.7.0 5.48 50.51 55.99 OK
r-devel-linux-x86_64-debian-gcc 1.7.0 4.32 39.73 44.05 OK
r-devel-linux-x86_64-fedora-clang 1.7.0 67.49 OK
r-devel-linux-x86_64-fedora-gcc 1.7.0 67.61 OK
r-devel-windows-ix86+x86_64 1.7.0 15.00 100.00 115.00 OK
r-patched-linux-x86_64 1.7.0 4.87 50.97 55.84 OK
r-patched-solaris-x86 1.7.0 70.40 OK
r-release-linux-x86_64 1.7.0 3.97 49.98 53.95 OK
r-release-windows-ix86+x86_64 1.7.0 10.00 80.00 90.00 OK
r-release-osx-x86_64 1.7.0 NOTE
r-oldrel-windows-ix86+x86_64 1.7.0 17.00 105.00 122.00 OK
r-oldrel-osx-x86_64 1.7.0 OK

Check Details

Version: 1.7.0
Check: package dependencies
Result: NOTE
    Package suggested but not available for checking: ‘seasonalview’
Flavor: r-release-osx-x86_64

Version: 1.7.0
Check: Rd cross-references
Result: NOTE
    Package unavailable to check Rd xrefs: ‘seasonalview’
Flavor: r-release-osx-x86_64