CRAN Package Check Results for Package seaaroundus

Last updated on 2019-06-24 12:47:19 CEST.

Flavor Version Tinstall Tcheck Ttotal Status Flags
r-devel-linux-x86_64-debian-clang 1.2.0 4.47 42.09 46.56 OK
r-devel-linux-x86_64-debian-gcc 1.2.0 3.42 33.57 36.99 OK
r-devel-linux-x86_64-fedora-clang 1.2.0 55.43 NOTE
r-devel-linux-x86_64-fedora-gcc 1.2.0 52.23 NOTE
r-devel-windows-ix86+x86_64 1.2.0 22.00 74.00 96.00 OK
r-patched-linux-x86_64 1.2.0 3.74 40.86 44.60 OK
r-patched-solaris-x86 1.2.0 84.40 NOTE
r-release-linux-x86_64 1.2.0 4.46 40.68 45.14 OK
r-release-windows-ix86+x86_64 1.2.0 11.00 93.00 104.00 OK
r-release-osx-x86_64 1.2.0 NOTE
r-oldrel-windows-ix86+x86_64 1.2.0 7.00 110.00 117.00 OK
r-oldrel-osx-x86_64 1.2.0 NOTE

Check Details

Version: 1.2.0
Check: dependencies in R code
Result: NOTE
    Namespace in Imports field not imported from: ‘rgdal’
     All declared Imports should be used.
Flavors: r-devel-linux-x86_64-fedora-clang, r-devel-linux-x86_64-fedora-gcc, r-patched-solaris-x86, r-release-osx-x86_64, r-oldrel-osx-x86_64