CRAN Package Check Results for Package seaaroundus

Last updated on 2019-04-19 21:47:08 CEST.

Flavor Version Tinstall Tcheck Ttotal Status Flags
r-devel-linux-x86_64-debian-clang 1.2.0 3.83 42.09 45.92 OK
r-devel-linux-x86_64-debian-gcc 1.2.0 3.53 32.48 36.01 OK
r-devel-linux-x86_64-fedora-clang 1.2.0 55.88 NOTE
r-devel-linux-x86_64-fedora-gcc 1.2.0 50.40 NOTE
r-devel-windows-ix86+x86_64 1.2.0 19.00 110.00 129.00 OK
r-patched-linux-x86_64 1.2.0 4.00 39.11 43.11 OK
r-patched-solaris-x86 1.2.0 81.60 NOTE
r-release-linux-x86_64 1.2.0 2.56 38.42 40.98 OK
r-release-windows-ix86+x86_64 1.2.0 7.00 118.00 125.00 OK
r-release-osx-x86_64 1.2.0 NOTE
r-oldrel-windows-ix86+x86_64 1.2.0 10.00 123.00 133.00 OK
r-oldrel-osx-x86_64 1.2.0 NOTE

Check Details

Version: 1.2.0
Check: dependencies in R code
Result: NOTE
    Namespace in Imports field not imported from: ‘rgdal’
     All declared Imports should be used.
Flavors: r-devel-linux-x86_64-fedora-clang, r-devel-linux-x86_64-fedora-gcc, r-patched-solaris-x86, r-release-osx-x86_64, r-oldrel-osx-x86_64