Last updated on 2023-03-28 02:55:04 CEST.
Flavor | Version | Tinstall | Tcheck | Ttotal | Status | Flags |
---|---|---|---|---|---|---|
r-devel-linux-x86_64-debian-clang | 0.1.0 | 4.26 | 31.36 | 35.62 | NOTE | |
r-devel-linux-x86_64-debian-gcc | 0.1.0 | 3.17 | 23.77 | 26.94 | NOTE | |
r-devel-linux-x86_64-fedora-clang | 0.1.0 | 45.85 | NOTE | |||
r-devel-linux-x86_64-fedora-gcc | 0.1.0 | 45.89 | NOTE | |||
r-patched-linux-x86_64 | 0.1.0 | 4.68 | 30.14 | 34.82 | NOTE | |
r-release-linux-x86_64 | 0.1.0 | 3.83 | 32.16 | 35.99 | NOTE | |
r-release-macos-arm64 | 0.1.0 | 20.00 | NOTE | |||
r-release-macos-x86_64 | 0.1.0 | 26.00 | NOTE | |||
r-release-windows-x86_64 | 0.1.0 | 17.00 | 63.00 | 80.00 | NOTE | |
r-oldrel-macos-arm64 | 0.1.0 | 23.00 | NOTE | |||
r-oldrel-macos-x86_64 | 0.1.0 | 30.00 | NOTE | |||
r-oldrel-windows-ix86+x86_64 | 0.1.0 | 10.00 | 55.00 | 65.00 | NOTE |
Version: 0.1.0
Check: package dependencies
Result: NOTE
Packages suggested but not available for checking:
'xbioc', 'MuSiC', 'seAMLessData'
Flavors: r-devel-linux-x86_64-debian-clang, r-devel-linux-x86_64-debian-gcc, r-devel-linux-x86_64-fedora-clang, r-devel-linux-x86_64-fedora-gcc, r-patched-linux-x86_64, r-release-linux-x86_64, r-release-macos-arm64, r-release-macos-x86_64, r-release-windows-x86_64, r-oldrel-macos-arm64, r-oldrel-macos-x86_64, r-oldrel-windows-ix86+x86_64
Version: 0.1.0
Check: dependencies in R code
Result: NOTE
Namespace in Imports field not imported from: ‘randomForest’
All declared Imports should be used.
Flavors: r-devel-linux-x86_64-fedora-clang, r-devel-linux-x86_64-fedora-gcc, r-release-macos-arm64, r-release-macos-x86_64, r-oldrel-macos-arm64, r-oldrel-macos-x86_64