CRAN Package Check Results for Package sdetorus

Last updated on 2021-12-05 23:52:27 CET.

Flavor Version Tinstall Tcheck Ttotal Status Flags
r-devel-linux-x86_64-debian-clang 0.1.8 149.56 69.95 219.51 OK
r-devel-linux-x86_64-debian-gcc 0.1.8 113.77 54.20 167.97 OK
r-devel-linux-x86_64-fedora-clang 0.1.8 337.13 NOTE
r-devel-linux-x86_64-fedora-gcc 0.1.8 292.14 OK
r-devel-windows-x86_64-new-UL 0.1.8 193.00 142.00 335.00 OK
r-devel-windows-x86_64-new-TK 0.1.8 OK
r-devel-windows-x86_64-old 0.1.8 189.00 75.00 264.00 OK
r-patched-linux-x86_64 0.1.8 132.75 57.75 190.50 OK
r-release-linux-x86_64 0.1.8 127.72 66.66 194.38 OK
r-release-macos-arm64 0.1.8 NOTE
r-release-macos-x86_64 0.1.8 NOTE
r-release-windows-ix86+x86_64 0.1.8 372.00 141.00 513.00 OK
r-oldrel-macos-x86_64 0.1.8 NOTE
r-oldrel-windows-ix86+x86_64 0.1.8 369.00 133.00 502.00 OK

Check Details

Version: 0.1.8
Check: installed package size
Result: NOTE
     installed size is 9.5Mb
     sub-directories of 1Mb or more:
     libs 8.6Mb
Flavors: r-devel-linux-x86_64-fedora-clang, r-release-macos-arm64, r-release-macos-x86_64, r-oldrel-macos-x86_64