CRAN Package Check Results for Package sde

Last updated on 2019-04-20 14:47:00 CEST.

Flavor Version Tinstall Tcheck Ttotal Status Flags
r-devel-linux-x86_64-debian-clang 2.0.15 10.17 73.57 83.74 OK
r-devel-linux-x86_64-debian-gcc 2.0.15 9.09 61.53 70.62 OK
r-devel-linux-x86_64-fedora-clang 2.0.15 99.17 NOTE
r-devel-linux-x86_64-fedora-gcc 2.0.15 96.54 NOTE
r-devel-windows-ix86+x86_64 2.0.15 30.00 148.00 178.00 OK
r-patched-linux-x86_64 2.0.15 10.66 72.93 83.59 OK
r-patched-solaris-x86 2.0.15 148.10 OK
r-release-linux-x86_64 2.0.15 5.88 70.16 76.04 OK
r-release-windows-ix86+x86_64 2.0.15 14.00 144.00 158.00 OK
r-release-osx-x86_64 2.0.15 OK
r-oldrel-windows-ix86+x86_64 2.0.15 13.00 157.00 170.00 OK
r-oldrel-osx-x86_64 2.0.15 OK

Check Details

Version: 2.0.15
Check: compiled code
Result: NOTE
    File ‘sde/libs/sde.so’:
     Found no call to: ‘R_useDynamicSymbols’
    
    It is good practice to register native routines and to disable symbol
    search.
    
    See ‘Writing portable packages’ in the ‘Writing R Extensions’ manual.
Flavors: r-devel-linux-x86_64-fedora-clang, r-devel-linux-x86_64-fedora-gcc