Last updated on 2022-06-29 00:51:25 CEST.
Flavor | Version | Tinstall | Tcheck | Ttotal | Status | Flags |
---|---|---|---|---|---|---|
r-devel-linux-x86_64-debian-clang | 1.0.2 | 36.40 | 313.76 | 350.16 | OK | |
r-devel-linux-x86_64-debian-gcc | 1.0.2 | 28.47 | 227.15 | 255.62 | OK | |
r-devel-linux-x86_64-fedora-clang | 1.0.2 | 407.80 | NOTE | |||
r-devel-linux-x86_64-fedora-gcc | 1.0.2 | 416.28 | NOTE | |||
r-devel-windows-x86_64 | 1.0.2 | 38.00 | 307.00 | 345.00 | OK | |
r-patched-linux-x86_64 | 1.0.2 | 31.78 | 301.51 | 333.29 | OK | |
r-release-linux-x86_64 | 1.0.2 | 25.84 | 293.80 | 319.64 | OK | |
r-release-macos-arm64 | 1.0.2 | 89.00 | NOTE | |||
r-release-macos-x86_64 | 1.0.2 | 161.00 | NOTE | |||
r-release-windows-x86_64 | 1.0.2 | 37.00 | 295.00 | 332.00 | OK | |
r-oldrel-macos-arm64 | 1.0.2 | 105.00 | NOTE | |||
r-oldrel-macos-x86_64 | 1.0.2 | 163.00 | NOTE | |||
r-oldrel-windows-ix86+x86_64 | 1.0.2 | 72.00 | 318.00 | 390.00 | OK |
Version: 1.0.2
Check: dependencies in R code
Result: NOTE
Namespaces in Imports field not imported from:
‘rgdal’ ‘rgeos’ ‘tidyr’
All declared Imports should be used.
Flavors: r-devel-linux-x86_64-fedora-clang, r-devel-linux-x86_64-fedora-gcc, r-release-macos-arm64, r-release-macos-x86_64, r-oldrel-macos-arm64, r-oldrel-macos-x86_64