CRAN Package Check Results for Package sdPrior

Last updated on 2021-12-03 03:55:45 CET.

Flavor Version Tinstall Tcheck Ttotal Status Flags
r-devel-linux-x86_64-debian-clang 1.0-0 10.01 90.40 100.41 NOTE
r-devel-linux-x86_64-debian-gcc 1.0-0 8.34 68.80 77.14 NOTE
r-devel-linux-x86_64-fedora-clang 1.0-0 131.41 NOTE
r-devel-linux-x86_64-fedora-gcc 1.0-0 120.80 NOTE
r-devel-windows-x86_64-new-UL 1.0-0 19.00 127.00 146.00 NOTE
r-devel-windows-x86_64-new-TK 1.0-0 NOTE
r-devel-windows-x86_64-old 1.0-0 17.00 89.00 106.00 NOTE
r-patched-linux-x86_64 1.0-0 10.30 87.51 97.81 NOTE
r-patched-solaris-x86 1.0-0 170.20 NOTE
r-release-linux-x86_64 1.0-0 9.85 87.16 97.01 NOTE
r-release-macos-arm64 1.0-0 NOTE
r-release-macos-x86_64 1.0-0 NOTE
r-release-windows-ix86+x86_64 1.0-0 23.00 114.00 137.00 NOTE
r-oldrel-macos-x86_64 1.0-0 OK
r-oldrel-windows-ix86+x86_64 1.0-0 22.00 119.00 141.00 OK

Check Details

Version: 1.0-0
Check: LazyData
Result: NOTE
     'LazyData' is specified without a 'data' directory
Flavors: r-devel-linux-x86_64-debian-clang, r-devel-linux-x86_64-debian-gcc, r-devel-linux-x86_64-fedora-clang, r-devel-linux-x86_64-fedora-gcc, r-devel-windows-x86_64-new-UL, r-devel-windows-x86_64-new-TK, r-devel-windows-x86_64-old, r-patched-linux-x86_64, r-patched-solaris-x86, r-release-linux-x86_64, r-release-macos-arm64, r-release-macos-x86_64, r-release-windows-ix86+x86_64