CRAN Package Check Results for Package scs

Last updated on 2020-06-03 07:51:25 CEST.

Flavor Version Tinstall Tcheck Ttotal Status Flags
r-devel-linux-x86_64-debian-clang 1.3-2 9.09 19.97 29.06 NOTE
r-devel-linux-x86_64-debian-gcc 1.3-2 8.46 16.17 24.63 NOTE
r-devel-linux-x86_64-fedora-clang 1.3-2 46.56 NOTE
r-devel-linux-x86_64-fedora-gcc 1.3-2 38.98 NOTE
r-devel-windows-ix86+x86_64 1.3-2 73.00 58.00 131.00 NOTE
r-patched-linux-x86_64 1.3-2 9.79 20.69 30.48 NOTE
r-patched-solaris-x86 1.3-2 53.20 NOTE
r-release-linux-x86_64 1.3-2 9.86 20.42 30.28 NOTE
r-release-osx-x86_64 1.3-2 NOTE
r-release-windows-ix86+x86_64 1.3-2 50.00 55.00 105.00 NOTE
r-oldrel-osx-x86_64 1.3-2 NOTE
r-oldrel-windows-ix86+x86_64 1.3-2 100.00 49.00 149.00 NOTE

Check Details

Version: 1.3-2
Check: for GNU extensions in Makefiles
Result: NOTE
    GNU make is a SystemRequirements.
Flavors: r-devel-linux-x86_64-debian-clang, r-devel-linux-x86_64-debian-gcc, r-devel-linux-x86_64-fedora-clang, r-devel-linux-x86_64-fedora-gcc, r-devel-windows-ix86+x86_64, r-patched-linux-x86_64, r-patched-solaris-x86, r-release-linux-x86_64, r-release-osx-x86_64, r-release-windows-ix86+x86_64, r-oldrel-osx-x86_64, r-oldrel-windows-ix86+x86_64