CRAN Package Check Results for Package scrobbler

Last updated on 2021-06-25 01:50:02 CEST.

Flavor Version Tinstall Tcheck Ttotal Status Flags
r-devel-linux-x86_64-debian-clang 1.0.1 2.14 25.60 27.74 NOTE
r-devel-linux-x86_64-debian-gcc 1.0.1 1.55 20.21 21.76 NOTE
r-devel-linux-x86_64-fedora-clang 1.0.1 42.18 NOTE
r-devel-linux-x86_64-fedora-gcc 1.0.1 33.43 NOTE
r-devel-windows-x86_64 1.0.1 4.00 29.00 33.00 NOTE
r-devel-windows-x86_64-gcc10-UCRT 1.0.1 NOTE
r-patched-linux-x86_64 1.0.1 1.92 24.85 26.77 NOTE
r-patched-solaris-x86 1.0.1 51.70 NOTE
r-release-linux-x86_64 1.0.1 1.88 24.49 26.37 NOTE
r-release-macos-arm64 1.0.1 NOTE
r-release-macos-x86_64 1.0.1 NOTE
r-release-windows-ix86+x86_64 1.0.1 4.00 32.00 36.00 NOTE
r-oldrel-macos-x86_64 1.0.1 OK
r-oldrel-windows-ix86+x86_64 1.0.1 5.00 40.00 45.00 OK

Check Details

Version: 1.0.1
Check: LazyData
Result: NOTE
     'LazyData' is specified without a 'data' directory
Flavors: r-devel-linux-x86_64-debian-clang, r-devel-linux-x86_64-debian-gcc, r-devel-linux-x86_64-fedora-clang, r-devel-linux-x86_64-fedora-gcc, r-devel-windows-x86_64, r-devel-windows-x86_64-gcc10-UCRT, r-patched-linux-x86_64, r-patched-solaris-x86, r-release-linux-x86_64, r-release-macos-arm64, r-release-macos-x86_64, r-release-windows-ix86+x86_64