Last updated on 2023-01-28 02:57:30 CET.
Flavor | Version | Tinstall | Tcheck | Ttotal | Status | Flags |
---|---|---|---|---|---|---|
r-devel-linux-x86_64-debian-clang | 0.3.4 | 4.04 | 72.61 | 76.65 | OK | |
r-devel-linux-x86_64-debian-gcc | 0.3.4 | 2.81 | 51.62 | 54.43 | OK | |
r-devel-linux-x86_64-fedora-clang | 0.3.4 | 89.54 | NOTE | |||
r-devel-linux-x86_64-fedora-gcc | 0.3.4 | 84.68 | NOTE | |||
r-patched-linux-x86_64 | 0.3.4 | 12.98 | 66.73 | 79.71 | OK | |
r-release-linux-x86_64 | 0.3.4 | 2.48 | 66.69 | 69.17 | OK | |
r-release-macos-arm64 | 0.3.4 | 28.00 | NOTE | |||
r-release-macos-x86_64 | 0.3.4 | 43.00 | NOTE | |||
r-release-windows-x86_64 | 0.3.4 | 139.00 | 100.00 | 239.00 | OK | |
r-oldrel-macos-arm64 | 0.3.4 | 30.00 | NOTE | |||
r-oldrel-macos-x86_64 | 0.3.4 | 47.00 | NOTE | |||
r-oldrel-windows-ix86+x86_64 | 0.3.4 | 9.00 | 91.00 | 100.00 | OK |
Version: 0.3.4
Check: dependencies in R code
Result: NOTE
Namespace in Imports field not imported from: ‘curl’
All declared Imports should be used.
Flavors: r-devel-linux-x86_64-fedora-clang, r-devel-linux-x86_64-fedora-gcc, r-release-macos-arm64, r-release-macos-x86_64, r-oldrel-macos-arm64, r-oldrel-macos-x86_64