CRAN Package Check Results for Package scmamp

Last updated on 2019-09-21 17:47:01 CEST.

Flavor Version Tinstall Tcheck Ttotal Status Flags
r-devel-linux-x86_64-debian-clang 0.2.55 8.20 90.20 98.40 OK
r-devel-linux-x86_64-debian-gcc 0.2.55 7.32 67.38 74.70 OK
r-devel-linux-x86_64-fedora-clang 0.2.55 115.48 OK
r-devel-linux-x86_64-fedora-gcc 0.2.55 113.12 OK
r-devel-windows-ix86+x86_64 0.2.55 45.00 90.00 135.00 OK
r-patched-linux-x86_64 0.2.55 8.50 85.77 94.27 OK
r-patched-solaris-x86 0.2.55 156.20 OK
r-release-linux-x86_64 0.2.55 8.49 83.80 92.29 OK
r-release-windows-ix86+x86_64 0.2.55 19.00 105.00 124.00 OK
r-release-osx-x86_64 0.2.55 ERROR
r-oldrel-windows-ix86+x86_64 0.2.55 13.00 89.00 102.00 OK
r-oldrel-osx-x86_64 0.2.55 OK

Check Details

Version: 0.2.55
Check: package dependencies
Result: ERROR
    Packages required but not available: 'graph', 'Rgraphviz'
    
    See section ‘The DESCRIPTION file’ in the ‘Writing R Extensions’
    manual.
Flavor: r-release-osx-x86_64