CRAN Package Check Results for Package scholar

Last updated on 2018-12-17 04:50:28 CET.

Flavor Version Tinstall Tcheck Ttotal Status Flags
r-devel-linux-x86_64-debian-clang 0.1.7 3.34 3.96 7.30 ERROR
r-devel-linux-x86_64-debian-gcc 0.1.7 2.65 2.24 4.89 ERROR
r-devel-linux-x86_64-fedora-clang 0.1.7 66.16 OK
r-devel-linux-x86_64-fedora-gcc 0.1.7 62.47 OK
r-devel-windows-ix86+x86_64 0.1.7 10.00 106.00 116.00 OK
r-patched-linux-x86_64 0.1.7 2.98 50.53 53.51 OK
r-patched-solaris-x86 0.1.7 97.70 OK
r-release-linux-x86_64 0.1.7 3.32 49.98 53.30 OK
r-release-windows-ix86+x86_64 0.1.7 10.00 96.00 106.00 OK
r-release-osx-x86_64 0.1.7 OK
r-oldrel-windows-ix86+x86_64 0.1.7 14.00 139.00 153.00 OK
r-oldrel-osx-x86_64 0.1.7 OK

Check Details

Version: 0.1.7
Check: whether the package can be loaded
Result: ERROR
    Loading this package had a fatal error status code 1
    Loading log:
    Error: package or namespace load failed for ‘scholar’ in dyn.load(file, DLLpath = DLLpath, ...):
     unable to load shared object ‘/home/hornik/tmp/R.check/r-devel-clang/Work/build/Packages/digest/libs/digest.so’:
     /home/hornik/tmp/R.check/r-devel-clang/Work/build/Packages/digest/libs/digest.so: failed to map segment from shared object
    Execution halted
Flavor: r-devel-linux-x86_64-debian-clang

Version: 0.1.7
Check: whether the package can be loaded
Result: ERROR
    Loading this package had a fatal error status code 1
    Loading log:
    Error: package or namespace load failed for ‘scholar’ in dyn.load(file, DLLpath = DLLpath, ...):
     unable to load shared object ‘/home/hornik/tmp/R.check/r-devel-gcc/Work/build/Packages/digest/libs/digest.so’:
     /home/hornik/tmp/R.check/r-devel-gcc/Work/build/Packages/digest/libs/digest.so: failed to map segment from shared object
    Execution halted
Flavor: r-devel-linux-x86_64-debian-gcc