CRAN Package Check Results for Package scgwr

Last updated on 2021-08-05 10:52:10 CEST.

Flavor Version Tinstall Tcheck Ttotal Status Flags
r-devel-linux-x86_64-debian-clang 0.1.2-1 12.43 113.60 126.03 NOTE
r-devel-linux-x86_64-debian-gcc 0.1.2-1 9.68 86.71 96.39 NOTE
r-devel-linux-x86_64-fedora-clang 0.1.2-1 151.44 NOTE
r-devel-linux-x86_64-fedora-gcc 0.1.2-1 138.53 NOTE
r-devel-windows-x86_64 0.1.2-1 17.00 101.00 118.00 NOTE
r-devel-windows-x86_64-gcc10-UCRT 0.1.2-1 ERROR
r-patched-linux-x86_64 0.1.2-1 10.69 100.92 111.61 NOTE
r-patched-solaris-x86 0.1.2-1 190.50 NOTE
r-release-linux-x86_64 0.1.2-1 11.51 100.81 112.32 NOTE
r-release-macos-arm64 0.1.2-1 NOTE
r-release-macos-x86_64 0.1.2-1 NOTE
r-release-windows-ix86+x86_64 0.1.2-1 25.00 92.00 117.00 NOTE
r-oldrel-macos-x86_64 0.1.2-1 OK
r-oldrel-windows-ix86+x86_64 0.1.2-1 30.00 124.00 154.00 OK

Check Details

Version: 0.1.2-1
Check: LazyData
Result: NOTE
     'LazyData' is specified without a 'data' directory
Flavors: r-devel-linux-x86_64-debian-clang, r-devel-linux-x86_64-debian-gcc, r-devel-linux-x86_64-fedora-clang, r-devel-linux-x86_64-fedora-gcc, r-devel-windows-x86_64, r-patched-linux-x86_64, r-patched-solaris-x86, r-release-linux-x86_64, r-release-macos-arm64, r-release-macos-x86_64, r-release-windows-ix86+x86_64

Version: 0.1.2-1
Check: package dependencies
Result: ERROR
    Package required but not available: 'dplyr'
    
    See section 'The DESCRIPTION file' in the 'Writing R Extensions'
    manual.
Flavor: r-devel-windows-x86_64-gcc10-UCRT