CRAN Package Check Results for Package scbursts

Last updated on 2022-08-12 14:49:08 CEST.

Flavor Version Tinstall Tcheck Ttotal Status Flags
r-devel-linux-x86_64-debian-clang 1.6 5.99 63.12 69.11 NOTE
r-devel-linux-x86_64-debian-gcc 1.6 3.71 47.53 51.24 NOTE
r-devel-linux-x86_64-fedora-clang 1.6 92.28 NOTE
r-devel-linux-x86_64-fedora-gcc 1.6 94.80 NOTE
r-devel-windows-x86_64 1.6 33.00 115.00 148.00 NOTE
r-patched-linux-x86_64 1.6 4.34 59.22 63.56 NOTE
r-release-linux-x86_64 1.6 6.22 60.29 66.51 NOTE
r-release-macos-arm64 1.6 31.00 NOTE
r-release-macos-x86_64 1.6 51.00 NOTE
r-release-windows-x86_64 1.6 40.00 111.00 151.00 NOTE
r-oldrel-macos-arm64 1.6 29.00 NOTE
r-oldrel-macos-x86_64 1.6 39.00 NOTE
r-oldrel-windows-ix86+x86_64 1.6 13.00 95.00 108.00 NOTE

Check Details

Version: 1.6
Check: LazyData
Result: NOTE
     'LazyData' is specified without a 'data' directory
Flavors: r-devel-linux-x86_64-debian-clang, r-devel-linux-x86_64-debian-gcc, r-devel-linux-x86_64-fedora-clang, r-devel-linux-x86_64-fedora-gcc, r-devel-windows-x86_64, r-patched-linux-x86_64, r-release-linux-x86_64, r-release-macos-arm64, r-release-macos-x86_64, r-release-windows-x86_64, r-oldrel-macos-arm64, r-oldrel-macos-x86_64, r-oldrel-windows-ix86+x86_64