Last updated on 2023-03-23 20:50:43 CET.
Flavor | Version | Tinstall | Tcheck | Ttotal | Status | Flags |
---|---|---|---|---|---|---|
r-devel-linux-x86_64-debian-clang | 0.0.1 | 2.14 | 44.06 | 46.20 | OK | |
r-devel-linux-x86_64-debian-gcc | 0.0.1 | 1.65 | 32.99 | 34.64 | OK | |
r-devel-linux-x86_64-fedora-clang | 0.0.1 | 56.70 | NOTE | |||
r-devel-linux-x86_64-fedora-gcc | 0.0.1 | 55.22 | NOTE | |||
r-patched-linux-x86_64 | 0.0.1 | 2.18 | 44.60 | 46.78 | OK | |
r-release-linux-x86_64 | 0.0.1 | 2.05 | 45.32 | 47.37 | OK | |
r-release-macos-arm64 | 0.0.1 | 17.00 | NOTE | |||
r-release-macos-x86_64 | 0.0.1 | 26.00 | NOTE | |||
r-release-windows-x86_64 | 0.0.1 | 17.00 | 108.00 | 125.00 | OK | |
r-oldrel-macos-arm64 | 0.0.1 | 19.00 | NOTE | |||
r-oldrel-macos-x86_64 | 0.0.1 | 32.00 | NOTE | |||
r-oldrel-windows-ix86+x86_64 | 0.0.1 | 6.00 | 65.00 | 71.00 | OK |
Version: 0.0.1
Check: dependencies in R code
Result: NOTE
Namespace in Imports field not imported from: ‘rJava’
All declared Imports should be used.
Flavors: r-devel-linux-x86_64-fedora-clang, r-devel-linux-x86_64-fedora-gcc, r-release-macos-arm64, r-release-macos-x86_64, r-oldrel-macos-arm64, r-oldrel-macos-x86_64