CRAN Package Check Results for Package scales

Last updated on 2019-06-16 16:49:35 CEST.

Flavor Version Tinstall Tcheck Ttotal Status Flags
r-devel-linux-x86_64-debian-clang 1.0.0 20.01 36.31 56.32 OK
r-devel-linux-x86_64-debian-gcc 1.0.0 15.85 28.63 44.48 OK
r-devel-linux-x86_64-fedora-clang 1.0.0 72.10 NOTE
r-devel-linux-x86_64-fedora-gcc 1.0.0 67.46 NOTE
r-devel-windows-ix86+x86_64 1.0.0 55.00 94.00 149.00 OK
r-patched-linux-x86_64 1.0.0 17.22 36.44 53.66 OK
r-patched-solaris-x86 1.0.0 87.60 NOTE
r-release-linux-x86_64 1.0.0 18.00 37.03 55.03 OK
r-release-windows-ix86+x86_64 1.0.0 37.00 99.00 136.00 OK
r-release-osx-x86_64 1.0.0 NOTE
r-oldrel-windows-ix86+x86_64 1.0.0 33.00 89.00 122.00 OK
r-oldrel-osx-x86_64 1.0.0 NOTE

Check Details

Version: 1.0.0
Check: dependencies in R code
Result: NOTE
    Namespace in Imports field not imported from: ‘R6’
     All declared Imports should be used.
Flavors: r-devel-linux-x86_64-fedora-clang, r-devel-linux-x86_64-fedora-gcc, r-patched-solaris-x86, r-release-osx-x86_64, r-oldrel-osx-x86_64