CRAN Package Check Results for Package scaffolder

Last updated on 2024-06-14 09:56:44 CEST.

Flavor Version Tinstall Tcheck Ttotal Status Flags
r-devel-linux-x86_64-debian-clang 0.0.1 9.16 80.76 89.92 NOTE
r-devel-linux-x86_64-debian-gcc 0.0.1 6.94 61.61 68.55 NOTE
r-devel-linux-x86_64-fedora-clang 0.0.1 113.73 NOTE
r-devel-linux-x86_64-fedora-gcc 0.0.1 124.17 NOTE
r-devel-windows-x86_64 0.0.1 7.00 74.00 81.00 NOTE
r-patched-linux-x86_64 0.0.1 10.62 78.48 89.10 NOTE
r-release-linux-x86_64 0.0.1 6.54 77.17 83.71 NOTE
r-release-macos-arm64 0.0.1 41.00 NOTE
r-release-macos-x86_64 0.0.1 74.00 NOTE
r-release-windows-x86_64 0.0.1 8.00 74.00 82.00 NOTE
r-oldrel-macos-arm64 0.0.1 42.00 NOTE
r-oldrel-macos-x86_64 0.0.1 67.00 NOTE
r-oldrel-windows-x86_64 0.0.1 10.00 89.00 99.00 NOTE

Additional issues

donttest

Check Details

Version: 0.0.1
Check: LazyData
Result: NOTE 'LazyData' is specified without a 'data' directory Flavors: r-devel-linux-x86_64-debian-clang, r-devel-linux-x86_64-debian-gcc, r-devel-linux-x86_64-fedora-clang, r-devel-linux-x86_64-fedora-gcc, r-devel-windows-x86_64, r-patched-linux-x86_64, r-release-linux-x86_64, r-release-macos-arm64, r-release-macos-x86_64, r-release-windows-x86_64, r-oldrel-macos-arm64, r-oldrel-macos-x86_64, r-oldrel-windows-x86_64