CRAN Package Check Results for Package scUtils

Last updated on 2024-06-22 03:49:41 CEST.

Flavor Version Tinstall Tcheck Ttotal Status Flags
r-devel-linux-x86_64-debian-clang 0.1.0 6.52 58.12 64.64 NOTE
r-devel-linux-x86_64-debian-gcc 0.1.0 3.96 43.71 47.67 NOTE
r-devel-linux-x86_64-fedora-clang 0.1.0 78.53 NOTE
r-devel-linux-x86_64-fedora-gcc 0.1.0 74.35 NOTE
r-devel-windows-x86_64 0.1.0 7.00 60.00 67.00 NOTE
r-patched-linux-x86_64 0.1.0 4.40 56.73 61.13 NOTE
r-release-linux-x86_64 0.1.0 4.88 56.65 61.53 NOTE
r-release-macos-arm64 0.1.0 25.00 NOTE
r-release-macos-x86_64 0.1.0 38.00 NOTE
r-release-windows-x86_64 0.1.0 7.00 61.00 68.00 NOTE
r-oldrel-macos-arm64 0.1.0 24.00 NOTE
r-oldrel-macos-x86_64 0.1.0 41.00 NOTE
r-oldrel-windows-x86_64 0.1.0 7.00 72.00 79.00 NOTE

Check Details

Version: 0.1.0
Check: LazyData
Result: NOTE 'LazyData' is specified without a 'data' directory Flavors: r-devel-linux-x86_64-debian-clang, r-devel-linux-x86_64-debian-gcc, r-devel-linux-x86_64-fedora-clang, r-devel-linux-x86_64-fedora-gcc, r-devel-windows-x86_64, r-patched-linux-x86_64, r-release-linux-x86_64, r-release-macos-arm64, r-release-macos-x86_64, r-release-windows-x86_64, r-oldrel-macos-arm64, r-oldrel-macos-x86_64, r-oldrel-windows-x86_64