CRAN Package Check Results for Package scUtils

Last updated on 2024-03-01 00:55:32 CET.

Flavor Version Tinstall Tcheck Ttotal Status Flags
r-devel-linux-x86_64-debian-clang 0.1.0 4.91 57.41 62.32 NOTE
r-devel-linux-x86_64-debian-gcc 0.1.0 4.23 43.64 47.87 NOTE
r-devel-linux-x86_64-fedora-clang 0.1.0 79.71 NOTE
r-devel-linux-x86_64-fedora-gcc 0.1.0 73.27 NOTE
r-devel-windows-x86_64 0.1.0 5.00 62.00 67.00 NOTE
r-patched-linux-x86_64 0.1.0 5.11 55.46 60.57 NOTE
r-release-linux-x86_64 0.1.0 5.02 56.07 61.09 NOTE
r-release-macos-arm64 0.1.0 24.00 NOTE
r-release-macos-x86_64 0.1.0 41.00 NOTE
r-release-windows-x86_64 0.1.0 7.00 71.00 78.00 NOTE
r-oldrel-macos-arm64 0.1.0 26.00 NOTE
r-oldrel-windows-x86_64 0.1.0 8.00 77.00 85.00 NOTE

Check Details

Version: 0.1.0
Check: LazyData
Result: NOTE 'LazyData' is specified without a 'data' directory Flavors: r-devel-linux-x86_64-debian-clang, r-devel-linux-x86_64-debian-gcc, r-devel-linux-x86_64-fedora-clang, r-devel-linux-x86_64-fedora-gcc, r-devel-windows-x86_64, r-patched-linux-x86_64, r-release-linux-x86_64, r-release-macos-arm64, r-release-macos-x86_64, r-release-windows-x86_64, r-oldrel-macos-arm64, r-oldrel-windows-x86_64