CRAN Package Check Results for Package scTenifoldKnk

Last updated on 2022-06-28 15:53:28 CEST.

Flavor Version Tinstall Tcheck Ttotal Status Flags
r-devel-linux-x86_64-debian-clang 1.0.1 8.64 74.42 83.06 NOTE
r-devel-linux-x86_64-debian-gcc 1.0.1 6.42 58.09 64.51 NOTE
r-devel-linux-x86_64-fedora-clang 1.0.1 110.73 NOTE
r-devel-linux-x86_64-fedora-gcc 1.0.1 112.67 NOTE
r-devel-windows-x86_64 1.0.1 18.00 96.00 114.00 NOTE
r-patched-linux-x86_64 1.0.1 7.67 72.88 80.55 NOTE
r-release-linux-x86_64 1.0.1 9.05 74.07 83.12 NOTE
r-release-macos-arm64 1.0.1 34.00 NOTE
r-release-macos-x86_64 1.0.1 47.00 NOTE
r-release-windows-x86_64 1.0.1 21.00 96.00 117.00 NOTE
r-oldrel-macos-arm64 1.0.1 41.00 NOTE
r-oldrel-macos-x86_64 1.0.1 55.00 NOTE
r-oldrel-windows-ix86+x86_64 1.0.1 18.00 91.00 109.00 NOTE

Check Details

Version: 1.0.1
Check: LazyData
Result: NOTE
     'LazyData' is specified without a 'data' directory
Flavors: r-devel-linux-x86_64-debian-clang, r-devel-linux-x86_64-debian-gcc, r-devel-linux-x86_64-fedora-clang, r-devel-linux-x86_64-fedora-gcc, r-devel-windows-x86_64, r-patched-linux-x86_64, r-release-linux-x86_64, r-release-macos-arm64, r-release-macos-x86_64, r-release-windows-x86_64, r-oldrel-macos-arm64, r-oldrel-macos-x86_64, r-oldrel-windows-ix86+x86_64

Version: 1.0.1
Check: dependencies in R code
Result: NOTE
    Namespaces in Imports field not imported from:
     ‘methods’ ‘pbapply’ ‘utils’
     All declared Imports should be used.
Flavors: r-devel-linux-x86_64-fedora-clang, r-devel-linux-x86_64-fedora-gcc, r-release-macos-arm64, r-release-macos-x86_64, r-oldrel-macos-arm64, r-oldrel-macos-x86_64