Last updated on 2025-06-23 06:50:36 CEST.
Flavor | Version | Tinstall | Tcheck | Ttotal | Status | Flags |
---|---|---|---|---|---|---|
r-devel-linux-x86_64-debian-clang | 1.0.0 | 33.27 | 753.66 | 786.93 | OK | |
r-devel-linux-x86_64-debian-gcc | 1.0.0 | 24.01 | 624.74 | 648.75 | OK | |
r-devel-linux-x86_64-fedora-clang | 1.0.0 | 1412.13 | OK | |||
r-devel-linux-x86_64-fedora-gcc | 1.0.0 | 1355.72 | OK | |||
r-devel-windows-x86_64 | 1.0.0 | 32.00 | 478.00 | 510.00 | OK | |
r-patched-linux-x86_64 | 1.0.0 | 30.10 | 1085.36 | 1115.46 | OK | |
r-release-linux-x86_64 | 1.0.0 | 29.08 | 1106.67 | 1135.75 | OK | |
r-release-macos-arm64 | 1.0.0 | 320.00 | OK | |||
r-release-macos-x86_64 | 1.0.0 | 613.00 | OK | |||
r-release-windows-x86_64 | 1.0.0 | 32.00 | 469.00 | 501.00 | OK | |
r-oldrel-macos-arm64 | 1.0.0 | 227.00 | NOTE | |||
r-oldrel-macos-x86_64 | 1.0.0 | 373.00 | OK | |||
r-oldrel-windows-x86_64 | 1.0.0 | 45.00 | 675.00 | 720.00 | OK |
Version: 1.0.0
Check: package dependencies
Result: NOTE
Package suggested but not available for checking: ‘SingleCellSignalR’
Flavor: r-oldrel-macos-arm64