CRAN Package Check Results for Package scDHA

Last updated on 2021-12-03 09:54:07 CET.

Flavor Version Tinstall Tcheck Ttotal Status Flags
r-devel-linux-x86_64-debian-clang 1.1.2 53.19 116.05 169.24 OK
r-devel-linux-x86_64-debian-gcc 1.1.2 41.73 88.34 130.07 OK
r-devel-linux-x86_64-fedora-clang 1.1.2 249.20 NOTE
r-devel-linux-x86_64-fedora-gcc 1.1.2 233.16 OK
r-devel-windows-x86_64-new-UL 1.1.2 77.00 184.00 261.00 OK
r-devel-windows-x86_64-new-TK 1.1.2 OK
r-devel-windows-x86_64-old 1.1.2 72.00 115.00 187.00 OK
r-patched-linux-x86_64 1.1.2 47.58 111.45 159.03 OK
r-patched-solaris-x86 1.1.2 265.60 OK
r-release-linux-x86_64 1.1.2 47.09 111.96 159.05 OK
r-release-macos-arm64 1.1.2 NOTE
r-release-macos-x86_64 1.1.2 NOTE
r-release-windows-ix86+x86_64 1.1.2 125.00 198.00 323.00 NOTE
r-oldrel-macos-x86_64 1.1.2 NOTE
r-oldrel-windows-ix86+x86_64 1.1.2 126.00 196.00 322.00 NOTE

Check Details

Version: 1.1.2
Check: installed package size
Result: NOTE
     installed size is 6.0Mb
     sub-directories of 1Mb or more:
     data 3.2Mb
     libs 2.4Mb
Flavors: r-devel-linux-x86_64-fedora-clang, r-release-macos-arm64, r-release-macos-x86_64, r-release-windows-ix86+x86_64, r-oldrel-macos-x86_64, r-oldrel-windows-ix86+x86_64