Last updated on 2022-05-19 05:52:05 CEST.
Flavor | Version | Tinstall | Tcheck | Ttotal | Status | Flags |
---|---|---|---|---|---|---|
r-devel-linux-x86_64-debian-clang | 3.1 | 8.05 | 266.30 | 274.35 | OK | |
r-devel-linux-x86_64-debian-gcc | 3.1 | 6.58 | 195.21 | 201.79 | OK | |
r-devel-linux-x86_64-fedora-clang | 3.1 | 317.92 | NOTE | |||
r-devel-linux-x86_64-fedora-gcc | 3.1 | 171.20 | NOTE | |||
r-devel-windows-x86_64 | 3.1 | 21.00 | 282.00 | 303.00 | OK | |
r-patched-linux-x86_64 | 3.1 | 8.80 | 249.94 | 258.74 | OK | |
r-release-linux-x86_64 | 3.1 | 6.96 | 252.98 | 259.94 | OK | |
r-release-macos-arm64 | 3.1 | 119.00 | NOTE | |||
r-release-macos-x86_64 | 3.1 | 140.00 | NOTE | |||
r-release-windows-x86_64 | 3.1 | 21.00 | 289.00 | 310.00 | OK | |
r-oldrel-macos-arm64 | 3.1 | 115.00 | NOTE | |||
r-oldrel-macos-x86_64 | 3.1 | 133.00 | NOTE | |||
r-oldrel-windows-ix86+x86_64 | 3.1 | 18.00 | 250.00 | 268.00 | OK |
Version: 3.1
Check: dependencies in R code
Result: NOTE
Namespaces in Imports field not imported from:
‘Matrix’ ‘crayon’
All declared Imports should be used.
Flavors: r-devel-linux-x86_64-fedora-clang, r-devel-linux-x86_64-fedora-gcc, r-release-macos-arm64, r-release-macos-x86_64, r-oldrel-macos-arm64, r-oldrel-macos-x86_64