CRAN Package Check Results for Package sbmSDP

Last updated on 2021-12-04 22:59:47 CET.

Flavor Version Tinstall Tcheck Ttotal Status Flags
r-devel-linux-x86_64-debian-clang 0.2 28.74 39.85 68.59 OK
r-devel-linux-x86_64-debian-gcc 0.2 20.13 31.35 51.48 OK
r-devel-linux-x86_64-fedora-clang 0.2 100.82 NOTE
r-devel-linux-x86_64-fedora-gcc 0.2 84.24 NOTE
r-devel-windows-x86_64-new-UL 0.2 44.00 99.00 143.00 OK
r-devel-windows-x86_64-new-TK 0.2 OK
r-devel-windows-x86_64-old 0.2 42.00 46.00 88.00 OK
r-patched-linux-x86_64 0.2 28.43 30.66 59.09 OK
r-release-linux-x86_64 0.2 26.76 30.59 57.35 OK
r-release-macos-arm64 0.2 OK
r-release-macos-x86_64 0.2 OK
r-release-windows-ix86+x86_64 0.2 83.00 82.00 165.00 OK
r-oldrel-macos-x86_64 0.2 OK
r-oldrel-windows-ix86+x86_64 0.2 79.00 85.00 164.00 OK

Check Details

Version: 0.2
Check: compiled code
Result: NOTE
    File ‘sbmSDP/libs/sbmSDP.so’:
     Found no calls to: ‘R_registerRoutines’, ‘R_useDynamicSymbols’
    
    It is good practice to register native routines and to disable symbol
    search.
    
    See ‘Writing portable packages’ in the ‘Writing R Extensions’ manual.
Flavors: r-devel-linux-x86_64-fedora-clang, r-devel-linux-x86_64-fedora-gcc