CRAN Package Check Results for Package sbfc

Last updated on 2021-12-05 23:52:27 CET.

Flavor Version Tinstall Tcheck Ttotal Status Flags
r-devel-linux-x86_64-debian-clang 1.0.2 45.72 92.46 138.18 OK
r-devel-linux-x86_64-debian-gcc 1.0.2 33.34 76.62 109.96 OK
r-devel-linux-x86_64-fedora-clang 1.0.2 183.63 OK
r-devel-linux-x86_64-fedora-gcc 1.0.2 168.50 OK
r-devel-windows-x86_64-new-UL 1.0.2 63.00 150.00 213.00 OK
r-devel-windows-x86_64-new-TK 1.0.2 OK
r-devel-windows-x86_64-old 1.0.2 62.00 87.00 149.00 OK
r-patched-linux-x86_64 1.0.2 43.06 83.35 126.41 OK
r-release-linux-x86_64 1.0.2 33.78 90.34 124.12 OK
r-release-macos-arm64 1.0.2 NOTE
r-release-macos-x86_64 1.0.2 OK
r-release-windows-ix86+x86_64 1.0.2 108.00 177.00 285.00 OK
r-oldrel-macos-x86_64 1.0.2 OK
r-oldrel-windows-ix86+x86_64 1.0.2 109.00 170.00 279.00 OK

Check Details

Version: 1.0.2
Check: installed package size
Result: NOTE
     installed size is 5.8Mb
     sub-directories of 1Mb or more:
     data 2.0Mb
     libs 3.6Mb
Flavor: r-release-macos-arm64