CRAN Package Check Results for Package sbart

Last updated on 2019-03-24 09:47:14 CET.

Flavor Version Tinstall Tcheck Ttotal Status Flags
r-devel-linux-x86_64-debian-clang 0.1.1 58.67 137.50 196.17 OK
r-devel-linux-x86_64-debian-gcc 0.1.1 46.73 120.30 167.03 OK
r-devel-linux-x86_64-fedora-clang 0.1.1 273.03 NOTE
r-devel-linux-x86_64-fedora-gcc 0.1.1 245.51 OK
r-devel-windows-ix86+x86_64 0.1.1 156.00 356.00 512.00 OK
r-patched-linux-x86_64 0.1.1 54.89 147.52 202.41 OK
r-patched-solaris-x86 0.1.1 490.40 OK
r-release-linux-x86_64 0.1.1 0.80 2.77 3.57 ERROR
r-release-windows-ix86+x86_64 0.1.1 98.00 295.00 393.00 OK
r-release-osx-x86_64 0.1.1 NOTE
r-oldrel-windows-ix86+x86_64 0.1.1 106.00 473.00 579.00 OK
r-oldrel-osx-x86_64 0.1.1 NOTE

Check Details

Version: 0.1.1
Check: installed package size
Result: NOTE
     installed size is 10.4Mb
     sub-directories of 1Mb or more:
     libs 10.3Mb
Flavors: r-devel-linux-x86_64-fedora-clang, r-release-osx-x86_64, r-oldrel-osx-x86_64

Version: 0.1.1
Check: whether package can be installed
Result: ERROR
    Installation failed.
Flavor: r-release-linux-x86_64