CRAN Package Check Results for Package sbart

Last updated on 2019-05-21 16:49:51 CEST.

Flavor Version Tinstall Tcheck Ttotal Status Flags
r-devel-linux-x86_64-debian-clang 0.1.1 57.04 135.53 192.57 OK
r-devel-linux-x86_64-debian-gcc 0.1.1 46.80 122.52 169.32 OK
r-devel-linux-x86_64-fedora-clang 0.1.1 277.52 NOTE
r-devel-linux-x86_64-fedora-gcc 0.1.1 255.92 OK
r-devel-windows-ix86+x86_64 0.1.1 105.00 365.00 470.00 OK
r-patched-linux-x86_64 0.1.1 54.11 146.29 200.40 OK
r-patched-solaris-x86 0.1.1 479.20 OK
r-release-linux-x86_64 0.1.1 60.30 146.47 206.77 OK
r-release-windows-ix86+x86_64 0.1.1 139.00 334.00 473.00 OK
r-release-osx-x86_64 0.1.1 NOTE
r-oldrel-windows-ix86+x86_64 0.1.1 96.00 285.00 381.00 OK
r-oldrel-osx-x86_64 0.1.1 NOTE

Check Details

Version: 0.1.1
Check: installed package size
Result: NOTE
     installed size is 9.4Mb
     sub-directories of 1Mb or more:
     libs 9.3Mb
Flavors: r-devel-linux-x86_64-fedora-clang, r-release-osx-x86_64, r-oldrel-osx-x86_64