Last updated on 2022-06-28 15:53:27 CEST.
Flavor | Version | Tinstall | Tcheck | Ttotal | Status | Flags |
---|---|---|---|---|---|---|
r-devel-linux-x86_64-debian-clang | 2.0.2 | 5.22 | 50.44 | 55.66 | NOTE | |
r-devel-linux-x86_64-debian-gcc | 2.0.2 | 4.59 | 38.22 | 42.81 | NOTE | |
r-devel-linux-x86_64-fedora-clang | 2.0.2 | 78.94 | NOTE | |||
r-devel-linux-x86_64-fedora-gcc | 2.0.2 | 76.16 | NOTE | |||
r-devel-windows-x86_64 | 2.0.2 | 16.00 | 80.00 | 96.00 | NOTE | |
r-patched-linux-x86_64 | 2.0.2 | 4.93 | 47.98 | 52.91 | NOTE | |
r-release-linux-x86_64 | 2.0.2 | 4.08 | 47.80 | 51.88 | NOTE | |
r-release-macos-arm64 | 2.0.2 | 24.00 | NOTE | |||
r-release-macos-x86_64 | 2.0.2 | 47.00 | NOTE | |||
r-release-windows-x86_64 | 2.0.2 | 13.00 | 78.00 | 91.00 | NOTE | |
r-oldrel-macos-arm64 | 2.0.2 | 28.00 | NOTE | |||
r-oldrel-macos-x86_64 | 2.0.2 | 33.00 | NOTE | |||
r-oldrel-windows-ix86+x86_64 | 2.0.2 | 14.00 | 69.00 | 83.00 | NOTE |
Version: 2.0.2
Check: LazyData
Result: NOTE
'LazyData' is specified without a 'data' directory
Flavors: r-devel-linux-x86_64-debian-clang, r-devel-linux-x86_64-debian-gcc, r-devel-linux-x86_64-fedora-clang, r-devel-linux-x86_64-fedora-gcc, r-devel-windows-x86_64, r-patched-linux-x86_64, r-release-linux-x86_64, r-release-macos-arm64, r-release-macos-x86_64, r-release-windows-x86_64, r-oldrel-macos-arm64, r-oldrel-macos-x86_64, r-oldrel-windows-ix86+x86_64