CRAN Package Check Results for Package satellite

Last updated on 2020-06-04 14:47:45 CEST.

Flavor Version Tinstall Tcheck Ttotal Status Flags
r-devel-linux-x86_64-debian-clang 1.0.2 34.25 207.77 242.02 OK
r-devel-linux-x86_64-debian-gcc 1.0.2 25.64 164.58 190.22 OK
r-devel-linux-x86_64-fedora-clang 1.0.2 300.99 OK
r-devel-linux-x86_64-fedora-gcc 1.0.2 279.54 OK
r-devel-windows-ix86+x86_64 1.0.2 75.00 442.00 517.00 NOTE
r-patched-linux-x86_64 1.0.2 26.81 206.32 233.13 OK
r-patched-solaris-x86 1.0.2 390.40 OK
r-release-linux-x86_64 1.0.2 29.78 185.38 215.16 OK
r-release-osx-x86_64 1.0.2 OK
r-release-windows-ix86+x86_64 1.0.2 61.00 303.00 364.00 NOTE
r-oldrel-osx-x86_64 1.0.2 OK
r-oldrel-windows-ix86+x86_64 1.0.2 76.00 286.00 362.00 OK

Check Details

Version: 1.0.2
Check: installed package size
Result: NOTE
     installed size is 5.5Mb
     sub-directories of 1Mb or more:
     R 1.5Mb
     extdata 1.3Mb
     libs 2.0Mb
Flavors: r-devel-windows-ix86+x86_64, r-release-windows-ix86+x86_64