Last updated on 2023-12-10 22:56:11 CET.
Flavor | Version | Tinstall | Tcheck | Ttotal | Status | Flags |
---|---|---|---|---|---|---|
r-devel-linux-x86_64-debian-clang | 1.2.0 | 8.26 | 102.37 | 110.63 | NOTE | |
r-devel-linux-x86_64-debian-gcc | 1.2.0 | 6.83 | 77.34 | 84.17 | NOTE | |
r-devel-linux-x86_64-fedora-clang | 1.2.0 | 142.22 | NOTE | |||
r-devel-linux-x86_64-fedora-gcc | 1.2.0 | 139.42 | OK | |||
r-devel-windows-x86_64 | 1.2.0 | 8.00 | 101.00 | 109.00 | OK | |
r-patched-linux-x86_64 | 1.2.0 | 8.20 | 99.38 | 107.58 | OK | |
r-release-linux-x86_64 | 1.2.0 | 5.49 | 99.02 | 104.51 | OK | |
r-release-macos-arm64 | 1.2.0 | 99.00 | OK | |||
r-release-macos-x86_64 | 1.2.0 | 125.00 | OK | |||
r-release-windows-x86_64 | 1.2.0 | 10.00 | 117.00 | 127.00 | OK | |
r-oldrel-macos-arm64 | 1.2.0 | 65.00 | OK | |||
r-oldrel-macos-x86_64 | 1.2.0 | 67.00 | OK | |||
r-oldrel-windows-x86_64 | 1.2.0 | 10.00 | 120.00 | 130.00 | OK |
Version: 1.2.0
Check: Rd files
Result: NOTE
checkRd: (-1) sassy.Rd:25-26: Lost braces in \itemize; meant \describe ?
checkRd: (-1) sassy.Rd:27-28: Lost braces in \itemize; meant \describe ?
checkRd: (-1) sassy.Rd:29: Lost braces in \itemize; meant \describe ?
checkRd: (-1) sassy.Rd:30-31: Lost braces in \itemize; meant \describe ?
checkRd: (-1) sassy.Rd:32-33: Lost braces in \itemize; meant \describe ?
checkRd: (-1) sassy.Rd:34: Lost braces in \itemize; meant \describe ?
Flavors: r-devel-linux-x86_64-debian-clang, r-devel-linux-x86_64-debian-gcc
Version: 1.2.0
Check: installed package size
Result: NOTE
installed size is 5.0Mb
sub-directories of 1Mb or more:
doc 3.7Mb
extdata 1.1Mb
Flavor: r-devel-linux-x86_64-fedora-clang