CRAN Package Check Results for Package sasfunclust

Last updated on 2024-06-20 10:50:33 CEST.

Flavor Version Tinstall Tcheck Ttotal Status Flags
r-devel-linux-x86_64-debian-clang 1.0.0 51.08 199.04 250.12 NOTE
r-devel-linux-x86_64-debian-gcc 1.0.0 33.82 144.46 178.28 NOTE
r-devel-linux-x86_64-fedora-clang 1.0.0 304.79 NOTE
r-devel-linux-x86_64-fedora-gcc 1.0.0 297.58 NOTE
r-devel-windows-x86_64 1.0.0 39.00 150.00 189.00 OK
r-patched-linux-x86_64 1.0.0 40.90 187.31 228.21 NOTE
r-release-linux-x86_64 1.0.0 33.60 193.90 227.50 NOTE
r-release-macos-arm64 1.0.0 66.00 NOTE
r-release-macos-x86_64 1.0.0 110.00 NOTE
r-release-windows-x86_64 1.0.0 40.00 158.00 198.00 OK
r-oldrel-macos-arm64 1.0.0 82.00 NOTE
r-oldrel-macos-x86_64 1.0.0 141.00 NOTE
r-oldrel-windows-x86_64 1.0.0 50.00 203.00 253.00 OK

Check Details

Version: 1.0.0
Check: C++ specification
Result: NOTE Specified C++11: please drop specification unless essential Flavors: r-devel-linux-x86_64-debian-clang, r-devel-linux-x86_64-debian-gcc, r-devel-linux-x86_64-fedora-clang, r-devel-linux-x86_64-fedora-gcc, r-patched-linux-x86_64, r-release-linux-x86_64, r-release-macos-arm64, r-release-macos-x86_64, r-oldrel-macos-arm64, r-oldrel-macos-x86_64