CRAN Package Check Results for Package sarsop

Last updated on 2020-10-27 17:52:54 CET.

Flavor Version Tinstall Tcheck Ttotal Status Flags
r-devel-linux-x86_64-debian-clang 0.6.5 209.35 351.78 561.13 OK
r-devel-linux-x86_64-debian-gcc 0.6.5 160.29 320.69 480.98 OK
r-devel-linux-x86_64-fedora-clang 0.6.5 449.83 NOTE
r-devel-linux-x86_64-fedora-gcc 0.6.5 660.19 OK
r-devel-windows-ix86+x86_64 0.6.5 24.00 91.00 115.00 NOTE
r-patched-linux-x86_64 0.6.5 OK
r-patched-solaris-x86 0.6.5 920.80 NOTE
r-release-linux-x86_64 0.6.5 197.39 346.01 543.40 OK
r-release-macos-x86_64 0.6.5 NOTE
r-release-windows-ix86+x86_64 0.6.5 19.00 94.00 113.00 NOTE
r-oldrel-macos-x86_64 0.6.5 NOTE
r-oldrel-windows-ix86+x86_64 0.6.5 26.00 113.00 139.00 NOTE

Check Details

Version: 0.6.5
Check: installed package size
Result: NOTE
     installed size is 52.9Mb
     sub-directories of 1Mb or more:
     bin 52.1Mb
Flavors: r-devel-linux-x86_64-fedora-clang, r-devel-windows-ix86+x86_64, r-patched-solaris-x86, r-release-macos-x86_64, r-release-windows-ix86+x86_64, r-oldrel-macos-x86_64, r-oldrel-windows-ix86+x86_64