CRAN Package Check Results for Package saqgetr

Last updated on 2020-01-25 06:51:29 CET.

Flavor Version Tinstall Tcheck Ttotal Status Flags
r-devel-linux-x86_64-debian-clang 0.1.19 4.19 35.83 40.02 OK
r-devel-linux-x86_64-debian-gcc 0.1.19 3.47 28.43 31.90 OK
r-devel-linux-x86_64-fedora-clang 0.1.19 48.83 NOTE
r-devel-linux-x86_64-fedora-gcc 0.1.19 47.37 NOTE
r-devel-windows-ix86+x86_64 0.1.19 19.00 74.00 93.00 OK
r-devel-windows-ix86+x86_64-gcc8 0.1.19 16.00 61.00 77.00 OK
r-patched-linux-x86_64 0.1.19 3.12 32.42 35.54 OK
r-patched-solaris-x86 0.1.19 67.10 NOTE
r-release-linux-x86_64 0.1.19 3.07 32.58 35.65 OK
r-release-windows-ix86+x86_64 0.1.19 8.00 63.00 71.00 OK
r-release-osx-x86_64 0.1.19 NOTE
r-oldrel-windows-ix86+x86_64 0.1.19 5.00 65.00 70.00 OK
r-oldrel-osx-x86_64 0.1.19 NOTE

Check Details

Version: 0.1.19
Check: dependencies in R code
Result: NOTE
    Namespace in Imports field not imported from: ‘curl’
     All declared Imports should be used.
Flavors: r-devel-linux-x86_64-fedora-clang, r-devel-linux-x86_64-fedora-gcc, r-patched-solaris-x86, r-release-osx-x86_64, r-oldrel-osx-x86_64