CRAN Package Check Results for Package saqgetr

Last updated on 2020-08-12 21:49:55 CEST.

Flavor Version Tinstall Tcheck Ttotal Status Flags
r-devel-linux-x86_64-debian-clang 0.2.0 0.43 2.37 2.80 ERROR
r-devel-linux-x86_64-debian-gcc 0.2.0 3.14 26.91 30.05 OK
r-devel-linux-x86_64-fedora-clang 0.2.0 54.40 NOTE
r-devel-linux-x86_64-fedora-gcc 0.2.0 45.11 NOTE
r-devel-windows-ix86+x86_64 0.2.0 11.00 64.00 75.00 OK
r-patched-linux-x86_64 0.2.0 3.64 34.71 38.35 OK
r-patched-solaris-x86 0.2.0 67.50 NOTE
r-release-linux-x86_64 0.2.0 0.43 2.38 2.81 ERROR
r-release-macos-x86_64 0.2.0 NOTE
r-release-windows-ix86+x86_64 0.2.0 17.00 46.00 63.00 OK
r-oldrel-macos-x86_64 0.2.0 NOTE
r-oldrel-windows-ix86+x86_64 0.2.0 8.00 64.00 72.00 OK

Check Details

Version: 0.2.0
Check: package dependencies
Result: ERROR
    Package required but not available: 'tidyr'
    
    Package suggested but not available for checking: 'openair'
    
    See section 'The DESCRIPTION file' in the 'Writing R Extensions'
    manual.
Flavors: r-devel-linux-x86_64-debian-clang, r-release-linux-x86_64

Version: 0.2.0
Check: dependencies in R code
Result: NOTE
    Namespace in Imports field not imported from: ‘curl’
     All declared Imports should be used.
Flavors: r-devel-linux-x86_64-fedora-clang, r-devel-linux-x86_64-fedora-gcc, r-patched-solaris-x86, r-release-macos-x86_64, r-oldrel-macos-x86_64