CRAN Package Check Results for Package sapfluxnetr

Last updated on 2020-08-07 03:47:29 CEST.

Flavor Version Tinstall Tcheck Ttotal Status Flags
r-devel-linux-x86_64-debian-clang 0.1.0 10.61 646.31 656.92 OK
r-devel-linux-x86_64-debian-gcc 0.1.0 9.43 470.04 479.47 OK
r-devel-linux-x86_64-fedora-clang 0.1.0 736.69 NOTE
r-devel-linux-x86_64-fedora-gcc 0.1.0 729.51 NOTE
r-devel-windows-ix86+x86_64 0.1.0 33.00 772.00 805.00 OK
r-patched-linux-x86_64 0.1.0 10.55 614.64 625.19 OK
r-patched-solaris-x86 0.1.0 867.00 NOTE
r-release-linux-x86_64 0.1.0 10.80 619.49 630.29 OK
r-release-macos-x86_64 0.1.0 NOTE
r-release-windows-ix86+x86_64 0.1.0 31.00 566.00 597.00 OK
r-oldrel-macos-x86_64 0.1.0 NOTE
r-oldrel-windows-ix86+x86_64 0.1.0 19.00 692.00 711.00 OK

Check Details

Version: 0.1.0
Check: data for non-ASCII characters
Result: NOTE
     Note: found 4 marked UTF-8 strings
Flavors: r-devel-linux-x86_64-fedora-clang, r-devel-linux-x86_64-fedora-gcc, r-patched-solaris-x86, r-release-macos-x86_64, r-oldrel-macos-x86_64