CRAN Package Check Results for Package sapevom

Last updated on 2024-07-12 11:54:23 CEST.

Flavor Version Tinstall Tcheck Ttotal Status Flags
r-devel-linux-x86_64-debian-clang 0.2.0 1.70 25.24 26.94 NOTE
r-devel-linux-x86_64-debian-gcc 0.2.0 1.72 19.61 21.33 NOTE
r-devel-linux-x86_64-fedora-clang 0.2.0 35.83 NOTE
r-devel-linux-x86_64-fedora-gcc 0.2.0 46.22 NOTE
r-devel-windows-x86_64 0.2.0 3.00 42.00 45.00 NOTE
r-patched-linux-x86_64 0.2.0 1.75 24.74 26.49 NOTE
r-release-linux-x86_64 0.2.0 1.92 24.45 26.37 NOTE
r-release-macos-arm64 0.2.0 19.00 NOTE
r-release-macos-x86_64 0.2.0 31.00 NOTE
r-release-windows-x86_64 0.2.0 4.00 42.00 46.00 NOTE
r-oldrel-macos-arm64 0.2.0 21.00 NOTE
r-oldrel-macos-x86_64 0.2.0 30.00 NOTE
r-oldrel-windows-x86_64 0.2.0 3.00 41.00 44.00 NOTE

Check Details

Version: 0.2.0
Check: LazyData
Result: NOTE 'LazyData' is specified without a 'data' directory Flavors: r-devel-linux-x86_64-debian-clang, r-devel-linux-x86_64-debian-gcc, r-devel-linux-x86_64-fedora-clang, r-devel-linux-x86_64-fedora-gcc, r-devel-windows-x86_64, r-patched-linux-x86_64, r-release-linux-x86_64, r-release-macos-arm64, r-release-macos-x86_64, r-release-windows-x86_64, r-oldrel-macos-arm64, r-oldrel-macos-x86_64, r-oldrel-windows-x86_64