CRAN Package Check Results for Package saotd

Last updated on 2020-01-24 12:49:17 CET.

Flavor Version Tinstall Tcheck Ttotal Status Flags
r-devel-linux-x86_64-debian-clang 0.2.0 16.30 219.16 235.46 OK
r-devel-linux-x86_64-debian-gcc 0.2.0 13.54 162.34 175.88 OK
r-devel-linux-x86_64-fedora-clang 0.2.0 274.15 NOTE
r-devel-linux-x86_64-fedora-gcc 0.2.0 269.13 NOTE
r-devel-windows-ix86+x86_64 0.2.0 91.00 289.00 380.00 OK
r-devel-windows-ix86+x86_64-gcc8 0.2.0 56.00 229.00 285.00 OK
r-patched-linux-x86_64 0.2.0 12.10 196.94 209.04 OK
r-patched-solaris-x86 0.2.0 337.50 NOTE
r-release-linux-x86_64 0.2.0 12.17 193.05 205.22 OK
r-release-windows-ix86+x86_64 0.2.0 25.00 281.00 306.00 OK
r-release-osx-x86_64 0.2.0 NOTE
r-oldrel-windows-ix86+x86_64 0.2.0 15.00 192.00 207.00 OK
r-oldrel-osx-x86_64 0.2.0 NOTE

Check Details

Version: 0.2.0
Check: data for non-ASCII characters
Result: NOTE
     Note: found 826 marked UTF-8 strings
Flavors: r-devel-linux-x86_64-fedora-clang, r-devel-linux-x86_64-fedora-gcc, r-patched-solaris-x86, r-release-osx-x86_64, r-oldrel-osx-x86_64