CRAN Package Check Results for Package santaR

Last updated on 2019-07-23 08:49:40 CEST.

Flavor Version Tinstall Tcheck Ttotal Status Flags
r-devel-linux-x86_64-debian-clang 1.0 5.09 174.86 179.95 OK
r-devel-linux-x86_64-debian-gcc 1.0 4.56 133.43 137.99 OK
r-devel-linux-x86_64-fedora-clang 1.0 217.65 NOTE
r-devel-linux-x86_64-fedora-gcc 1.0 200.48 NOTE
r-devel-windows-ix86+x86_64 1.0 13.00 246.00 259.00 OK
r-patched-linux-x86_64 1.0 4.42 175.42 179.84 OK
r-patched-solaris-x86 1.0 254.30 NOTE
r-release-linux-x86_64 1.0 4.46 175.47 179.93 OK
r-release-windows-ix86+x86_64 1.0 12.00 166.00 178.00 OK
r-release-osx-x86_64 1.0 ERROR
r-oldrel-windows-ix86+x86_64 1.0 13.00 207.00 220.00 OK
r-oldrel-osx-x86_64 1.0 NOTE

Check Details

Version: 1.0
Check: dependencies in R code
Result: NOTE
    Namespace in Imports field not imported from: ‘gridExtra’
     All declared Imports should be used.
Flavors: r-devel-linux-x86_64-fedora-clang, r-devel-linux-x86_64-fedora-gcc, r-patched-solaris-x86, r-oldrel-osx-x86_64

Version: 1.0
Check: package dependencies
Result: ERROR
    Package required but not available: ‘pcaMethods’
    
    See section ‘The DESCRIPTION file’ in the ‘Writing R Extensions’
    manual.
Flavor: r-release-osx-x86_64