CRAN Package Check Results for Package santaR

Last updated on 2020-06-04 15:49:22 CEST.

Flavor Version Tinstall Tcheck Ttotal Status Flags
r-devel-linux-x86_64-debian-clang 1.0 6.51 178.85 185.36 OK
r-devel-linux-x86_64-debian-gcc 1.0 5.33 133.12 138.45 OK
r-devel-linux-x86_64-fedora-clang 1.0 230.84 NOTE
r-devel-linux-x86_64-fedora-gcc 1.0 220.90 NOTE
r-devel-windows-ix86+x86_64 1.0 26.00 214.00 240.00 OK
r-patched-linux-x86_64 1.0 6.67 175.77 182.44 OK
r-patched-solaris-x86 1.0 247.80 NOTE
r-release-linux-x86_64 1.0 5.70 174.87 180.57 OK
r-release-osx-x86_64 1.0 NOTE
r-release-windows-ix86+x86_64 1.0 14.00 155.00 169.00 OK
r-oldrel-osx-x86_64 1.0 NOTE
r-oldrel-windows-ix86+x86_64 1.0 20.00 158.00 178.00 OK

Check Details

Version: 1.0
Check: dependencies in R code
Result: NOTE
    Namespace in Imports field not imported from: ‘gridExtra’
     All declared Imports should be used.
Flavors: r-devel-linux-x86_64-fedora-clang, r-devel-linux-x86_64-fedora-gcc, r-patched-solaris-x86, r-release-osx-x86_64, r-oldrel-osx-x86_64