Last updated on 2023-09-25 06:11:14 CEST.
Flavor | Version | Tinstall | Tcheck | Ttotal | Status | Flags |
---|---|---|---|---|---|---|
r-devel-linux-x86_64-debian-clang | 3.0-2 | 5.34 | 326.02 | 331.36 | OK | |
r-devel-linux-x86_64-debian-gcc | 3.0-2 | 3.89 | 244.46 | 248.35 | OK | |
r-devel-linux-x86_64-fedora-clang | 3.0-2 | 381.48 | OK | |||
r-devel-linux-x86_64-fedora-gcc | 3.0-2 | 427.72 | OK | |||
r-devel-windows-x86_64 | 3.0-2 | 7.00 | 316.00 | 323.00 | OK | |
r-patched-linux-x86_64 | 3.0-2 | 6.79 | 299.69 | 306.48 | OK | |
r-release-linux-x86_64 | 3.0-2 | 5.06 | 291.47 | 296.53 | OK | |
r-release-macos-arm64 | 3.0-2 | 165.00 | OK | |||
r-release-macos-x86_64 | 3.0-2 | 274.00 | OK | |||
r-release-windows-x86_64 | 3.0-2 | 9.00 | 376.00 | 385.00 | OK | |
r-oldrel-macos-arm64 | 3.0-2 | 149.00 | OK | |||
r-oldrel-macos-x86_64 | 3.0-2 | 157.00 | NOTE | |||
r-oldrel-windows-x86_64 | 3.0-2 | 9.00 | 313.00 | 322.00 | OK |
Version: 3.0-2
Check: package dependencies
Result: NOTE
Package suggested but not available for checking: ‘pcse’
Flavor: r-oldrel-macos-x86_64
Version: 3.0-2
Check: running R code from vignettes
Result: NOTE
‘sandwich-CL.Rnw’... [7s/7s] NOTE
differences from ‘sandwich-CL.Rout.save’
63,64c63,69
< Warning in library(package, lib.loc = lib.loc, character.only = TRUE, logical.return = TRUE, :
< there is no package called 'pcse'
---
>
> Attaching package: 'pcse'
>
> The following object is masked from 'package:sandwich':
>
> vcovPC
>
165,166c170,171
< (Intercept) 0.022201 0.028359
< x 0.025276 0.028583
---
> (Intercept) 0.022201 0.022201
> x 0.025276 0.025276
176,177c181,182
< (Intercept) 0.022070 0.028359 0.022603 0.028359
< x 0.025338 0.028581 0.025241 0.028581
---
> (Intercept) 0.022070 0.022070 0.022603 0.022603
> x 0.025338 0.025338 0.025241 0.025241
‘sandwich-OOP.Rnw’... [2s/2s] OK
‘sandwich.Rnw’... [1s/1s] OK
Flavor: r-oldrel-macos-x86_64