CRAN Package Check Results for Package samurais

Last updated on 2021-12-03 00:48:56 CET.

Flavor Version Tinstall Tcheck Ttotal Status Flags
r-devel-linux-x86_64-debian-clang 0.1.0 82.36 118.54 200.90 OK
r-devel-linux-x86_64-debian-gcc 0.1.0 61.23 91.53 152.76 OK
r-devel-linux-x86_64-fedora-clang 0.1.0 278.07 NOTE
r-devel-linux-x86_64-fedora-gcc 0.1.0 255.17 OK
r-devel-windows-x86_64-new-UL 0.1.0 117.00 330.00 447.00 NOTE
r-devel-windows-x86_64-new-TK 0.1.0 OK
r-devel-windows-x86_64-old 0.1.0 111.00 140.00 251.00 NOTE
r-patched-linux-x86_64 0.1.0 71.38 127.51 198.89 OK
r-patched-solaris-x86 0.1.0 201.20 NOTE
r-release-linux-x86_64 0.1.0 68.39 127.25 195.64 OK
r-release-macos-arm64 0.1.0 NOTE
r-release-macos-x86_64 0.1.0 NOTE
r-release-windows-ix86+x86_64 0.1.0 207.00 218.00 425.00 NOTE
r-oldrel-macos-x86_64 0.1.0 NOTE
r-oldrel-windows-ix86+x86_64 0.1.0 204.00 241.00 445.00 NOTE

Check Details

Version: 0.1.0
Check: installed package size
Result: NOTE
     installed size is 9.3Mb
     sub-directories of 1Mb or more:
     doc 2.3Mb
     help 3.4Mb
     libs 3.1Mb
Flavors: r-devel-linux-x86_64-fedora-clang, r-devel-windows-x86_64-new-UL, r-devel-windows-x86_64-old, r-patched-solaris-x86, r-release-macos-arm64, r-release-macos-x86_64, r-release-windows-ix86+x86_64, r-oldrel-macos-x86_64, r-oldrel-windows-ix86+x86_64