Last updated on 2023-06-01 23:00:16 CEST.
Flavor | Version | Tinstall | Tcheck | Ttotal | Status | Flags |
---|---|---|---|---|---|---|
r-devel-linux-x86_64-debian-clang | 3.2.1 | 213.58 | 465.82 | 679.40 | OK | |
r-devel-linux-x86_64-debian-gcc | 3.2.1 | 171.17 | 358.86 | 530.03 | OK | |
r-devel-linux-x86_64-fedora-clang | 3.2.1 | 884.40 | OK | |||
r-devel-linux-x86_64-fedora-gcc | 3.2.1 | 907.56 | OK | |||
r-devel-windows-x86_64 | 3.2.1 | 160.00 | 328.00 | 488.00 | OK | |
r-patched-linux-x86_64 | 3.2.1 | OK | ||||
r-release-linux-x86_64 | 3.2.1 | 181.96 | 444.79 | 626.75 | OK | |
r-release-macos-arm64 | 3.2.1 | 209.00 | NOTE | |||
r-release-macos-x86_64 | 3.1.0 | 391.00 | NOTE | |||
r-release-windows-x86_64 | 3.2.1 | 204.00 | 443.00 | 647.00 | OK | |
r-oldrel-macos-arm64 | 3.2.1 | 208.00 | NOTE | |||
r-oldrel-macos-x86_64 | 3.2.1 | 285.00 | NOTE | |||
r-oldrel-windows-x86_64 | 3.2.1 | 200.00 | 398.00 | 598.00 | OK |
Version: 3.2.1
Check: installed package size
Result: NOTE
installed size is 18.1Mb
sub-directories of 1Mb or more:
libs 16.9Mb
Flavors: r-release-macos-arm64, r-oldrel-macos-arm64, r-oldrel-macos-x86_64
Version: 3.1.0
Check: installed package size
Result: NOTE
installed size is 16.8Mb
sub-directories of 1Mb or more:
libs 15.7Mb
Flavor: r-release-macos-x86_64